{"id":92753,"date":"2021-03-19T13:42:03","date_gmt":"2021-03-19T13:42:03","guid":{"rendered":"https:\/\/cernelic.hr\/katalog\/Bez%20kategorije\/domus-by-las-2\/"},"modified":"2023-12-07T15:57:45","modified_gmt":"2023-12-07T15:57:45","slug":"domus-by-las","status":"publish","type":"product","link":"https:\/\/cernelic.hr\/en\/proizvod\/domus-by-las\/","title":{"rendered":"DOMUS by LAS"},"content":{"rendered":"<p>&#8220;Jedinstvena kolekcija za opremanje javnih objekata. Obojani \u010deli\u010dni okvir zatvara kvalitetno obra\u0111ene tapecirane dijelove. Evolucija klasi\u010dnih modela za \u010dekaonice, reinterpretirana s rigoroznim i modernim pristupom.<br \/>\nOvdje su kori\u0161teni i ko\u017ea i tkanina kao potvrda \u201eDomus\u201c-ove elegancije. Geometrijski oblici koje nagla\u0161avaju sve zavr\u0161ne obrade, od najkompaktnije do najbla\u017ee. &#8220;<\/p>\n","protected":false},"excerpt":{"rendered":"<p>&#8220;Jedinstvena kolekcija za opremanje javnih objekata. Obojani \u010deli\u010dni okvir zatvara kvalitetno obra\u0111ene tapecirane dijelove. Evolucija klasi\u010dnih modela za \u010dekaonice, reinterpretirana s rigoroznim i modernim pristupom. Ovdje su kori\u0161teni i ko\u017ea i tkanina kao potvrda \u201eDomus\u201c-ove elegancije. Geometrijski oblici koje nagla\u0161avaju sve zavr\u0161ne obrade, od najkompaktnije do najbla\u017ee. &#8220;<\/p>\n","protected":false},"featured_media":41624,"template":"","meta":{"_acf_changed":false},"product_brand":[],"product_cat":[2111,2062,2105,2085,2061,2083,2082,2086,2068,2117,2108,2150,2094,2073,2092],"product_tag":[],"berocket_brand":[1260],"class_list":{"0":"post-92753","1":"product","2":"type-product","3":"status-publish","4":"has-post-thumbnail","6":"product_cat-dvorane","7":"product_cat-fotelje-i-garniture-za-sjedenje","8":"product_cat-javni","9":"product_cat-namjestaj-za-urede","10":"product_cat-proizvodi","11":"product_cat-proizvodi-fotelje-garniture-fotelje-i-garniture-za-cekaone-i-predprostore","12":"product_cat-proizvodi-fotelje-garniture-fotelje-i-garniture-unutarnje-prostore","13":"product_cat-proizvodi-namjestaj-za-urede-fotelje-garniture-za-neformalne-sastanke","14":"product_cat-prostori","15":"product_cat-prostori-dvorane-fotelje-i-garniture-za-unutarnje-prostore","16":"product_cat-prostori-javni-fotelje-i-garniture-za-unutarnje-prostore","17":"product_cat-prostori-rezidencijalni-namjestaj-za-kucni-ured","18":"product_cat-prostori-uredi-fotelje-i-garniture-za-sjedenje","19":"product_cat-rezidencijalni","20":"product_cat-uredi","21":"berocket_brand-las","23":"first","24":"instock","25":"product-type-grouped"},"acf":[],"_links":{"self":[{"href":"https:\/\/cernelic.hr\/en\/wp-json\/wp\/v2\/product\/92753","targetHints":{"allow":["GET"]}}],"collection":[{"href":"https:\/\/cernelic.hr\/en\/wp-json\/wp\/v2\/product"}],"about":[{"href":"https:\/\/cernelic.hr\/en\/wp-json\/wp\/v2\/types\/product"}],"wp:featuredmedia":[{"embeddable":true,"href":"https:\/\/cernelic.hr\/en\/wp-json\/wp\/v2\/media\/41624"}],"wp:attachment":[{"href":"https:\/\/cernelic.hr\/en\/wp-json\/wp\/v2\/media?parent=92753"}],"wp:term":[{"taxonomy":"product_brand","embeddable":true,"href":"https:\/\/cernelic.hr\/en\/wp-json\/wp\/v2\/product_brand?post=92753"},{"taxonomy":"product_cat","embeddable":true,"href":"https:\/\/cernelic.hr\/en\/wp-json\/wp\/v2\/product_cat?post=92753"},{"taxonomy":"product_tag","embeddable":true,"href":"https:\/\/cernelic.hr\/en\/wp-json\/wp\/v2\/product_tag?post=92753"},{"taxonomy":"berocket_brand","embeddable":true,"href":"https:\/\/cernelic.hr\/en\/wp-json\/wp\/v2\/berocket_brand?post=92753"}],"curies":[{"name":"wp","href":"https:\/\/api.w.org\/{rel}","templated":true}]}}

<p>&#8220;Jedinstvena kolekcija za opremanje javnih objekata. Obojani čelični okvir zatvara kvalitetno obrađene tapecirane dijelove. Evolucija klasičnih modela za čekaonice, reinterpretirana s rigoroznim i modernim pristupom.<br />
Ovdje su korišteni i koža i tkanina kao potvrda „Domus“-ove elegancije. Geometrijski oblici koje naglašavaju sve završne obrade, od najkompaktnije do najblaže. &#8220;</p>

<p>&#8220;Jedinstvena kolekcija za opremanje javnih objekata. Obojani čelični okvir zatvara kvalitetno obrađene tapecirane dijelove. Evolucija klasičnih modela za čekaonice, reinterpretirana s rigoroznim i modernim pristupom. Ovdje su korišteni i koža i tkanina kao potvrda „Domus“-ove elegancije. Geometrijski oblici koje naglašavaju sve završne obrade, od najkompaktnije do najblaže. &#8220;</p>
