{"id":92754,"date":"2021-03-19T13:42:03","date_gmt":"2021-03-19T13:42:03","guid":{"rendered":"https:\/\/cernelic.hr\/katalog\/Bez%20kategorije\/elite-by-las-2\/"},"modified":"2023-12-07T15:57:52","modified_gmt":"2023-12-07T15:57:52","slug":"elite-by-las","status":"publish","type":"product","link":"https:\/\/cernelic.hr\/en\/proizvod\/elite-by-las\/","title":{"rendered":"ELITE by LAS"},"content":{"rendered":"<p>\u201eExecutive\u201c uredski namje\u0161taj posjeduje radnu povr\u0161inu koja je integrirana sa strukturalnom bazom oboga\u0107enoj spremi\u0161nom funkcijom. Jedini zavr\u0161no obra\u0111eni dijelovi su vrh i vrata ladi\u010dne jedinice. Funkcionalni uredski stolovi uljep\u0161ani zidnom pregradom s policama i opcionalnim LED osvjetljenjem.<\/p>\n","protected":false},"excerpt":{"rendered":"<p>\u201eExecutive\u201c uredski namje\u0161taj posjeduje radnu povr\u0161inu koja je integrirana sa strukturalnom bazom oboga\u0107enoj spremi\u0161nom funkcijom. Jedini zavr\u0161no obra\u0111eni dijelovi su vrh i vrata ladi\u010dne jedinice. Funkcionalni uredski stolovi uljep\u0161ani zidnom pregradom s policama i opcionalnim LED osvjetljenjem.<\/p>\n","protected":false},"featured_media":41628,"template":"","meta":{"_acf_changed":false},"product_brand":[],"product_cat":[2514,2235,2105,2085,2119,2171,2061,2196,2247,2172,2245,2177,2237,2068,2149,2151,2150,2248,2174,2137,2178,2148,2180,2073,2118,2132,2133,2163,2092,2170],"product_tag":[],"berocket_brand":[1260],"class_list":{"0":"post-92754","1":"product","2":"type-product","3":"status-publish","4":"has-post-thumbnail","6":"product_cat-accessories","7":"product_cat-proizvodi-namjestaj-za-urede-accessories","8":"product_cat-javni","9":"product_cat-namjestaj-za-urede","10":"product_cat-proizvodi-stolovi-niski-stolovi-za-unutarnje-prostore","11":"product_cat-ormari-i-komode","12":"product_cat-proizvodi","13":"product_cat-proizvodi-accessories-accessories-za-unutarnje-prostore","14":"product_cat-proizvodi-ormari-i-komode-garderobni-ormari","15":"product_cat-proizvodi-ormari-i-komode-komode","16":"product_cat-proizvodi-ormari-i-komode-ladicari","17":"product_cat-proizvodi-ormari-i-komode-police-i-regali","18":"product_cat-proizvodi-ormari-i-komode-uredski-ormari","19":"product_cat-prostori","20":"product_cat-prostori-horeca-namjestaj-za-sastanke-i-konferencije","21":"product_cat-prostori-javni-namjestaj-za-sastanke-i-konferencije","22":"product_cat-prostori-rezidencijalni-namjestaj-za-kucni-ured","23":"product_cat-prostori-uredi-arhive-i-garderobe","24":"product_cat-prostori-uredi-co-working-namjestaj","25":"product_cat-prostori-uredi-home-office","26":"product_cat-prostori-uredi-namjestaj-za-odlaganje-i-arhiviranje-ormari","27":"product_cat-prostori-uredi-namjestaj-za-sastanke-i-konferencije","28":"product_cat-prostori-uredi-uredski-namjestaj","29":"product_cat-rezidencijalni","30":"product_cat-stolovi","31":"product_cat-proizvodi-stolovi-stolovi-za-kucni-ured","32":"product_cat-proizvodi-stolovi-stolovi-za-sastanke-i-konferencije","33":"product_cat-proizvodi-stolovi-stolovi-za-urede","34":"product_cat-uredi","35":"product_cat-proizvodi-namjestaj-za-urede-namjestaj","36":"berocket_brand-las","38":"first","39":"instock","40":"product-type-grouped"},"acf":[],"_links":{"self":[{"href":"https:\/\/cernelic.hr\/en\/wp-json\/wp\/v2\/product\/92754","targetHints":{"allow":["GET"]}}],"collection":[{"href":"https:\/\/cernelic.hr\/en\/wp-json\/wp\/v2\/product"}],"about":[{"href":"https:\/\/cernelic.hr\/en\/wp-json\/wp\/v2\/types\/product"}],"wp:featuredmedia":[{"embeddable":true,"href":"https:\/\/cernelic.hr\/en\/wp-json\/wp\/v2\/media\/41628"}],"wp:attachment":[{"href":"https:\/\/cernelic.hr\/en\/wp-json\/wp\/v2\/media?parent=92754"}],"wp:term":[{"taxonomy":"product_brand","embeddable":true,"href":"https:\/\/cernelic.hr\/en\/wp-json\/wp\/v2\/product_brand?post=92754"},{"taxonomy":"product_cat","embeddable":true,"href":"https:\/\/cernelic.hr\/en\/wp-json\/wp\/v2\/product_cat?post=92754"},{"taxonomy":"product_tag","embeddable":true,"href":"https:\/\/cernelic.hr\/en\/wp-json\/wp\/v2\/product_tag?post=92754"},{"taxonomy":"berocket_brand","embeddable":true,"href":"https:\/\/cernelic.hr\/en\/wp-json\/wp\/v2\/berocket_brand?post=92754"}],"curies":[{"name":"wp","href":"https:\/\/api.w.org\/{rel}","templated":true}]}}

<p>„Executive“ uredski namještaj posjeduje radnu površinu koja je integrirana sa strukturalnom bazom obogaćenoj spremišnom funkcijom. Jedini završno obrađeni dijelovi su vrh i vrata ladične jedinice. Funkcionalni uredski stolovi uljepšani zidnom pregradom s policama i opcionalnim LED osvjetljenjem.</p>
