{"id":92761,"date":"2021-03-19T13:42:03","date_gmt":"2021-03-19T13:42:03","guid":{"rendered":"https:\/\/cernelic.hr\/katalog\/Bez%20kategorije\/i-meet-by-las-2\/"},"modified":"2023-12-07T15:58:12","modified_gmt":"2023-12-07T15:58:12","slug":"i-meet-by-las","status":"publish","type":"product","link":"https:\/\/cernelic.hr\/en\/proizvod\/i-meet-by-las\/","title":{"rendered":"I-MEET by LAS"},"content":{"rendered":"<p>Presti\u017ene linije i zavr\u0161na obrada, modelirani oblici i veli\u010dine koje olak\u0161avaju suradnju i vizualni kontakt, zatim razli\u010diti alati potrebni za elektroniku, \u0161irok i jednostavan spremnik za \u017eice. Svi ovi elementi \u010dine \u201eI-meet\u201c savr\u0161enim ambijentom, ba\u0161 onakvim kakvim se trebaju korisni i visoko reprezentativni poslovni sastanci.<br \/>\n\u201eI-meet\u201c potpuno odgovara na razli\u010dite zahtjeve prostorija u kojima se mo\u017eete sastajati s Va\u0161im timom, klijentima ili samo posjetiteljima.<\/p>\n","protected":false},"excerpt":{"rendered":"<p>Presti\u017ene linije i zavr\u0161na obrada, modelirani oblici i veli\u010dine koje olak\u0161avaju suradnju i vizualni kontakt, zatim razli\u010diti alati potrebni za elektroniku, \u0161irok i jednostavan spremnik za \u017eice. Svi ovi elementi \u010dine \u201eI-meet\u201c savr\u0161enim ambijentom, ba\u0161 onakvim kakvim se trebaju korisni i visoko reprezentativni poslovni sastanci. \u201eI-meet\u201c potpuno odgovara na razli\u010dite zahtjeve prostorija u kojima se [&hellip;]<\/p>\n","protected":false},"featured_media":41644,"template":"","meta":{"_acf_changed":false},"product_brand":[],"product_cat":[2514,2234,2105,2085,2171,2061,2131,2172,2068,2149,2183,2151,2150,2148,2246,2073,2118,2249,2133,2092,2170],"product_tag":[],"berocket_brand":[1260],"class_list":{"0":"post-92761","1":"product","2":"type-product","3":"status-publish","4":"has-post-thumbnail","6":"product_cat-accessories","7":"product_cat-proizvodi-stolovi-akusticne-i-zastitne-pregrade-za-stolove","8":"product_cat-javni","9":"product_cat-namjestaj-za-urede","10":"product_cat-ormari-i-komode","11":"product_cat-proizvodi","12":"product_cat-proizvodi-accessories-elektrifikacija-i-cable-management","13":"product_cat-proizvodi-ormari-i-komode-komode","14":"product_cat-prostori","15":"product_cat-prostori-horeca-namjestaj-za-sastanke-i-konferencije","16":"product_cat-prostori-javni-namjestaj-za-predavaone","17":"product_cat-prostori-javni-namjestaj-za-sastanke-i-konferencije","18":"product_cat-prostori-rezidencijalni-namjestaj-za-kucni-ured","19":"product_cat-prostori-uredi-namjestaj-za-sastanke-i-konferencije","20":"product_cat-prostori-uredi-sustavi-za-elektrifikaciju-i-cable-management","21":"product_cat-rezidencijalni","22":"product_cat-stolovi","23":"product_cat-proizvodi-stolovi-stolovi-katedre-i-govornice","24":"product_cat-proizvodi-stolovi-stolovi-za-sastanke-i-konferencije","25":"product_cat-uredi","26":"product_cat-proizvodi-namjestaj-za-urede-namjestaj","27":"berocket_brand-las","29":"first","30":"instock","31":"product-type-grouped"},"acf":[],"_links":{"self":[{"href":"https:\/\/cernelic.hr\/en\/wp-json\/wp\/v2\/product\/92761","targetHints":{"allow":["GET"]}}],"collection":[{"href":"https:\/\/cernelic.hr\/en\/wp-json\/wp\/v2\/product"}],"about":[{"href":"https:\/\/cernelic.hr\/en\/wp-json\/wp\/v2\/types\/product"}],"wp:featuredmedia":[{"embeddable":true,"href":"https:\/\/cernelic.hr\/en\/wp-json\/wp\/v2\/media\/41644"}],"wp:attachment":[{"href":"https:\/\/cernelic.hr\/en\/wp-json\/wp\/v2\/media?parent=92761"}],"wp:term":[{"taxonomy":"product_brand","embeddable":true,"href":"https:\/\/cernelic.hr\/en\/wp-json\/wp\/v2\/product_brand?post=92761"},{"taxonomy":"product_cat","embeddable":true,"href":"https:\/\/cernelic.hr\/en\/wp-json\/wp\/v2\/product_cat?post=92761"},{"taxonomy":"product_tag","embeddable":true,"href":"https:\/\/cernelic.hr\/en\/wp-json\/wp\/v2\/product_tag?post=92761"},{"taxonomy":"berocket_brand","embeddable":true,"href":"https:\/\/cernelic.hr\/en\/wp-json\/wp\/v2\/berocket_brand?post=92761"}],"curies":[{"name":"wp","href":"https:\/\/api.w.org\/{rel}","templated":true}]}}

<p>Prestižne linije i završna obrada, modelirani oblici i veličine koje olakšavaju suradnju i vizualni kontakt, zatim različiti alati potrebni za elektroniku, širok i jednostavan spremnik za žice. Svi ovi elementi čine „I-meet“ savršenim ambijentom, baš onakvim kakvim se trebaju korisni i visoko reprezentativni poslovni sastanci.<br />
„I-meet“ potpuno odgovara na različite zahtjeve prostorija u kojima se možete sastajati s Vašim timom, klijentima ili samo posjetiteljima.</p>

<p>Prestižne linije i završna obrada, modelirani oblici i veličine koje olakšavaju suradnju i vizualni kontakt, zatim različiti alati potrebni za elektroniku, širok i jednostavan spremnik za žice. Svi ovi elementi čine „I-meet“ savršenim ambijentom, baš onakvim kakvim se trebaju korisni i visoko reprezentativni poslovni sastanci. „I-meet“ potpuno odgovara na različite zahtjeve prostorija u kojima se [&hellip;]</p>
