{"id":92779,"date":"2021-03-19T13:45:23","date_gmt":"2021-03-19T13:45:23","guid":{"rendered":"https:\/\/cernelic.hr\/katalog\/Bez%20kategorije\/up-by-las-2\/"},"modified":"2023-12-07T15:59:42","modified_gmt":"2023-12-07T15:59:42","slug":"up-by-las","status":"publish","type":"product","link":"https:\/\/cernelic.hr\/en\/proizvod\/up-by-las\/","title":{"rendered":"UP by LAS"},"content":{"rendered":"<p>LAS-ova kreativnost i inovacija ugra\u0111eni u novi svestrani i multifunkcionalni uredski sistem. Oblikovan za najprofesionalnije prostore, \u201eUp\u201c Vam predstavljamo s ponosom. Ugla\u0111eni, s klasom i poslovno orijentirani radni stolovi i klupe s promjenjivim visinama. Vi\u0161e tipova nogu omogu\u0107ava rad iz sjede\u0107eg ili stoje\u0107eg polo\u017eaja. \u201eUp\u201c \u0107e Vas pribli\u017eiti Va\u0161im vlastitim idejama i kreacijama kako bi Vam osigurao potpunu kontrolu nad alatima na Va\u0161em raspolaganju.<\/p>\n","protected":false},"excerpt":{"rendered":"<p>LAS-ova kreativnost i inovacija ugra\u0111eni u novi svestrani i multifunkcionalni uredski sistem. Oblikovan za najprofesionalnije prostore, \u201eUp\u201c Vam predstavljamo s ponosom. Ugla\u0111eni, s klasom i poslovno orijentirani radni stolovi i klupe s promjenjivim visinama. Vi\u0161e tipova nogu omogu\u0107ava rad iz sjede\u0107eg ili stoje\u0107eg polo\u017eaja. \u201eUp\u201c \u0107e Vas pribli\u017eiti Va\u0161im vlastitim idejama i kreacijama kako bi [&hellip;]<\/p>\n","protected":false},"featured_media":41698,"template":"","meta":{"_acf_changed":false},"product_brand":[],"product_cat":[2235,2514,2234,2238,2085,2061,2196,2244,2131,2250,2239,2068,2150,2230,2137,2246,2180,2073,2118,2132,2163,2092,2170],"product_tag":[],"berocket_brand":[1260],"class_list":{"0":"post-92779","1":"product","2":"type-product","3":"status-publish","4":"has-post-thumbnail","6":"product_cat-proizvodi-namjestaj-za-urede-accessories","7":"product_cat-accessories","8":"product_cat-proizvodi-stolovi-akusticne-i-zastitne-pregrade-za-stolove","9":"product_cat-akustika","10":"product_cat-namjestaj-za-urede","11":"product_cat-proizvodi","12":"product_cat-proizvodi-accessories-accessories-za-unutarnje-prostore","13":"product_cat-proizvodi-accessories-akusticni-paneli","14":"product_cat-proizvodi-accessories-elektrifikacija-i-cable-management","15":"product_cat-proizvodi-akustika-drveni-zvukoupijajuci-paneli","16":"product_cat-proizvodi-akustika-tekstilni-zvukoupijajuci-paneli","17":"product_cat-prostori","18":"product_cat-prostori-rezidencijalni-namjestaj-za-kucni-ured","19":"product_cat-prostori-uredi-accessories","20":"product_cat-prostori-uredi-home-office","21":"product_cat-prostori-uredi-sustavi-za-elektrifikaciju-i-cable-management","22":"product_cat-prostori-uredi-uredski-namjestaj","23":"product_cat-rezidencijalni","24":"product_cat-stolovi","25":"product_cat-proizvodi-stolovi-stolovi-za-kucni-ured","26":"product_cat-proizvodi-stolovi-stolovi-za-urede","27":"product_cat-uredi","28":"product_cat-proizvodi-namjestaj-za-urede-namjestaj","29":"berocket_brand-las","31":"first","32":"instock","33":"product-type-grouped"},"acf":[],"_links":{"self":[{"href":"https:\/\/cernelic.hr\/en\/wp-json\/wp\/v2\/product\/92779","targetHints":{"allow":["GET"]}}],"collection":[{"href":"https:\/\/cernelic.hr\/en\/wp-json\/wp\/v2\/product"}],"about":[{"href":"https:\/\/cernelic.hr\/en\/wp-json\/wp\/v2\/types\/product"}],"wp:featuredmedia":[{"embeddable":true,"href":"https:\/\/cernelic.hr\/en\/wp-json\/wp\/v2\/media\/41698"}],"wp:attachment":[{"href":"https:\/\/cernelic.hr\/en\/wp-json\/wp\/v2\/media?parent=92779"}],"wp:term":[{"taxonomy":"product_brand","embeddable":true,"href":"https:\/\/cernelic.hr\/en\/wp-json\/wp\/v2\/product_brand?post=92779"},{"taxonomy":"product_cat","embeddable":true,"href":"https:\/\/cernelic.hr\/en\/wp-json\/wp\/v2\/product_cat?post=92779"},{"taxonomy":"product_tag","embeddable":true,"href":"https:\/\/cernelic.hr\/en\/wp-json\/wp\/v2\/product_tag?post=92779"},{"taxonomy":"berocket_brand","embeddable":true,"href":"https:\/\/cernelic.hr\/en\/wp-json\/wp\/v2\/berocket_brand?post=92779"}],"curies":[{"name":"wp","href":"https:\/\/api.w.org\/{rel}","templated":true}]}}

<p>LAS-ova kreativnost i inovacija ugrađeni u novi svestrani i multifunkcionalni uredski sistem. Oblikovan za najprofesionalnije prostore, „Up“ Vam predstavljamo s ponosom. Uglađeni, s klasom i poslovno orijentirani radni stolovi i klupe s promjenjivim visinama. Više tipova nogu omogućava rad iz sjedećeg ili stojećeg položaja. „Up“ će Vas približiti Vašim vlastitim idejama i kreacijama kako bi Vam osigurao potpunu kontrolu nad alatima na Vašem raspolaganju.</p>

<p>LAS-ova kreativnost i inovacija ugrađeni u novi svestrani i multifunkcionalni uredski sistem. Oblikovan za najprofesionalnije prostore, „Up“ Vam predstavljamo s ponosom. Uglađeni, s klasom i poslovno orijentirani radni stolovi i klupe s promjenjivim visinama. Više tipova nogu omogućava rad iz sjedećeg ili stojećeg položaja. „Up“ će Vas približiti Vašim vlastitim idejama i kreacijama kako bi [&hellip;]</p>
