{"id":92781,"date":"2021-03-19T13:45:23","date_gmt":"2021-03-19T13:45:23","guid":{"rendered":"https:\/\/cernelic.hr\/katalog\/Bez%20kategorije\/d_vision-by-las-2\/"},"modified":"2023-12-07T15:57:49","modified_gmt":"2023-12-07T15:57:49","slug":"d_vision-by-las","status":"publish","type":"product","link":"https:\/\/cernelic.hr\/en\/proizvod\/d_vision-by-las\/","title":{"rendered":"D_VISION by LAS"},"content":{"rendered":"<p>Prva jednodijelna pregrada u LAS izradi, bogata i kvalitetno izra\u0111ena. Kolekcija koja se isti\u010de svojom \u010dvrstinom i izra\u017eenom snagom aluminijskih profila koja jam\u010di iznimnu stabilnost i udobnost. Projekt namijenjen publici koja tra\u017ei transparentnost i lako\u0107u, izbjegavaju\u0107i minimalizam. Jednodijelna pregrada koja koristi slojeve od 10\/11 mm i potpuno operativne uramljene profile od 56 mm. Staklena i drvena krilna i klizna vrata imaju iste vrste panela kao i ostale kolekcije kako bi se osigurala stilska dosljednost i mogu\u0107nost njihove integracije s drugim kolekcijama.<\/p>\n","protected":false},"excerpt":{"rendered":"<p>Prva jednodijelna pregrada u LAS izradi, bogata i kvalitetno izra\u0111ena. Kolekcija koja se isti\u010de svojom \u010dvrstinom i izra\u017eenom snagom aluminijskih profila koja jam\u010di iznimnu stabilnost i udobnost. Projekt namijenjen publici koja tra\u017ei transparentnost i lako\u0107u, izbjegavaju\u0107i minimalizam. Jednodijelna pregrada koja koristi slojeve od 10\/11 mm i potpuno operativne uramljene profile od 56 mm. Staklena i [&hellip;]<\/p>\n","protected":false},"featured_media":41626,"template":"","meta":{"_acf_changed":false},"product_brand":[],"product_cat":[2111,2105,2061,2251,2252,2068,2254,2214,2216,2215,2253,2073,2092,2212],"product_tag":[],"berocket_brand":[1260],"class_list":{"0":"post-92781","1":"product","2":"type-product","3":"status-publish","4":"has-post-thumbnail","6":"product_cat-dvorane","7":"product_cat-javni","8":"product_cat-proizvodi","9":"product_cat-proizvodi-vrata-i-pregrade-modularne-fiksne-pregradne-stijene","10":"product_cat-proizvodi-vrata-i-pregrade-vrata","11":"product_cat-prostori","12":"product_cat-prostori-dvorane-modularne-pregradne-stijene","13":"product_cat-prostori-horeca-vrata-i-pregrade","14":"product_cat-prostori-javni-vrata-i-pregrade","15":"product_cat-prostori-rezidencijalni-vrata-i-pregrade","16":"product_cat-prostori-uredi-vrata-i-pregrade","17":"product_cat-rezidencijalni","18":"product_cat-uredi","19":"product_cat-vrata-i-pregrade","20":"berocket_brand-las","22":"first","23":"instock","24":"product-type-grouped"},"acf":[],"_links":{"self":[{"href":"https:\/\/cernelic.hr\/en\/wp-json\/wp\/v2\/product\/92781","targetHints":{"allow":["GET"]}}],"collection":[{"href":"https:\/\/cernelic.hr\/en\/wp-json\/wp\/v2\/product"}],"about":[{"href":"https:\/\/cernelic.hr\/en\/wp-json\/wp\/v2\/types\/product"}],"wp:featuredmedia":[{"embeddable":true,"href":"https:\/\/cernelic.hr\/en\/wp-json\/wp\/v2\/media\/41626"}],"wp:attachment":[{"href":"https:\/\/cernelic.hr\/en\/wp-json\/wp\/v2\/media?parent=92781"}],"wp:term":[{"taxonomy":"product_brand","embeddable":true,"href":"https:\/\/cernelic.hr\/en\/wp-json\/wp\/v2\/product_brand?post=92781"},{"taxonomy":"product_cat","embeddable":true,"href":"https:\/\/cernelic.hr\/en\/wp-json\/wp\/v2\/product_cat?post=92781"},{"taxonomy":"product_tag","embeddable":true,"href":"https:\/\/cernelic.hr\/en\/wp-json\/wp\/v2\/product_tag?post=92781"},{"taxonomy":"berocket_brand","embeddable":true,"href":"https:\/\/cernelic.hr\/en\/wp-json\/wp\/v2\/berocket_brand?post=92781"}],"curies":[{"name":"wp","href":"https:\/\/api.w.org\/{rel}","templated":true}]}}

<p>Prva jednodijelna pregrada u LAS izradi, bogata i kvalitetno izrađena. Kolekcija koja se ističe svojom čvrstinom i izraženom snagom aluminijskih profila koja jamči iznimnu stabilnost i udobnost. Projekt namijenjen publici koja traži transparentnost i lakoću, izbjegavajući minimalizam. Jednodijelna pregrada koja koristi slojeve od 10/11 mm i potpuno operativne uramljene profile od 56 mm. Staklena i drvena krilna i klizna vrata imaju iste vrste panela kao i ostale kolekcije kako bi se osigurala stilska dosljednost i mogućnost njihove integracije s drugim kolekcijama.</p>

<p>Prva jednodijelna pregrada u LAS izradi, bogata i kvalitetno izrađena. Kolekcija koja se ističe svojom čvrstinom i izraženom snagom aluminijskih profila koja jamči iznimnu stabilnost i udobnost. Projekt namijenjen publici koja traži transparentnost i lakoću, izbjegavajući minimalizam. Jednodijelna pregrada koja koristi slojeve od 10/11 mm i potpuno operativne uramljene profile od 56 mm. Staklena i [&hellip;]</p>
