{"id":92784,"date":"2021-03-19T13:48:48","date_gmt":"2021-03-19T13:48:48","guid":{"rendered":"https:\/\/cernelic.hr\/katalog\/Bez%20kategorije\/box-by-las-2\/"},"modified":"2023-12-07T15:57:32","modified_gmt":"2023-12-07T15:57:32","slug":"box-by-las","status":"publish","type":"product","link":"https:\/\/cernelic.hr\/en\/proizvod\/box-by-las\/","title":{"rendered":"BOX by LAS"},"content":{"rendered":"<p>Pa\u017eljivo oblikovani zidni ormar koji se savr\u0161eno uklapa s Modulo pregradama, stvaraju\u0107i iznimne volumetrijske efekte. To je konsolidirana metoda koja kombinira funkcije odvajanja s ormarom, osiguravaju\u0107i ujedna\u010denost opremanja i funkcionalnu varijabilnost.<br \/>\nOrganizirani zidni ormar s 50 i 100 cm \u0161irokim modulima sa sustavom monta\u017ee ramenog le\u017eaja prema standardnim visinama, s kompenzacijskim modulima do stropa ili u visinama okvira vrata s plo\u010dom po mjeri. Izra\u0111en je od strukturalnih elemenata, s vratima i stra\u017enjim povr\u0161inama od laminiranih drvenih plo\u010da i unutarnjih polica od drveta ili metala.<\/p>\n","protected":false},"excerpt":{"rendered":"<p>Pa\u017eljivo oblikovani zidni ormar koji se savr\u0161eno uklapa s Modulo pregradama, stvaraju\u0107i iznimne volumetrijske efekte. To je konsolidirana metoda koja kombinira funkcije odvajanja s ormarom, osiguravaju\u0107i ujedna\u010denost opremanja i funkcionalnu varijabilnost. Organizirani zidni ormar s 50 i 100 cm \u0161irokim modulima sa sustavom monta\u017ee ramenog le\u017eaja prema standardnim visinama, s kompenzacijskim modulima do stropa ili [&hellip;]<\/p>\n","protected":false},"featured_media":41614,"template":"","meta":{"_acf_changed":false},"product_brand":[],"product_cat":[2111,2105,2061,2251,2252,2068,2254,2214,2216,2215,2253,2073,2092,2212],"product_tag":[],"berocket_brand":[1260],"class_list":{"0":"post-92784","1":"product","2":"type-product","3":"status-publish","4":"has-post-thumbnail","6":"product_cat-dvorane","7":"product_cat-javni","8":"product_cat-proizvodi","9":"product_cat-proizvodi-vrata-i-pregrade-modularne-fiksne-pregradne-stijene","10":"product_cat-proizvodi-vrata-i-pregrade-vrata","11":"product_cat-prostori","12":"product_cat-prostori-dvorane-modularne-pregradne-stijene","13":"product_cat-prostori-horeca-vrata-i-pregrade","14":"product_cat-prostori-javni-vrata-i-pregrade","15":"product_cat-prostori-rezidencijalni-vrata-i-pregrade","16":"product_cat-prostori-uredi-vrata-i-pregrade","17":"product_cat-rezidencijalni","18":"product_cat-uredi","19":"product_cat-vrata-i-pregrade","20":"berocket_brand-las","22":"first","23":"instock","24":"product-type-grouped"},"acf":[],"_links":{"self":[{"href":"https:\/\/cernelic.hr\/en\/wp-json\/wp\/v2\/product\/92784","targetHints":{"allow":["GET"]}}],"collection":[{"href":"https:\/\/cernelic.hr\/en\/wp-json\/wp\/v2\/product"}],"about":[{"href":"https:\/\/cernelic.hr\/en\/wp-json\/wp\/v2\/types\/product"}],"wp:featuredmedia":[{"embeddable":true,"href":"https:\/\/cernelic.hr\/en\/wp-json\/wp\/v2\/media\/41614"}],"wp:attachment":[{"href":"https:\/\/cernelic.hr\/en\/wp-json\/wp\/v2\/media?parent=92784"}],"wp:term":[{"taxonomy":"product_brand","embeddable":true,"href":"https:\/\/cernelic.hr\/en\/wp-json\/wp\/v2\/product_brand?post=92784"},{"taxonomy":"product_cat","embeddable":true,"href":"https:\/\/cernelic.hr\/en\/wp-json\/wp\/v2\/product_cat?post=92784"},{"taxonomy":"product_tag","embeddable":true,"href":"https:\/\/cernelic.hr\/en\/wp-json\/wp\/v2\/product_tag?post=92784"},{"taxonomy":"berocket_brand","embeddable":true,"href":"https:\/\/cernelic.hr\/en\/wp-json\/wp\/v2\/berocket_brand?post=92784"}],"curies":[{"name":"wp","href":"https:\/\/api.w.org\/{rel}","templated":true}]}}

<p>Pažljivo oblikovani zidni ormar koji se savršeno uklapa s Modulo pregradama, stvarajući iznimne volumetrijske efekte. To je konsolidirana metoda koja kombinira funkcije odvajanja s ormarom, osiguravajući ujednačenost opremanja i funkcionalnu varijabilnost.<br />
Organizirani zidni ormar s 50 i 100 cm širokim modulima sa sustavom montaže ramenog ležaja prema standardnim visinama, s kompenzacijskim modulima do stropa ili u visinama okvira vrata s pločom po mjeri. Izrađen je od strukturalnih elemenata, s vratima i stražnjim površinama od laminiranih drvenih ploča i unutarnjih polica od drveta ili metala.</p>

<p>Pažljivo oblikovani zidni ormar koji se savršeno uklapa s Modulo pregradama, stvarajući iznimne volumetrijske efekte. To je konsolidirana metoda koja kombinira funkcije odvajanja s ormarom, osiguravajući ujednačenost opremanja i funkcionalnu varijabilnost. Organizirani zidni ormar s 50 i 100 cm širokim modulima sa sustavom montaže ramenog ležaja prema standardnim visinama, s kompenzacijskim modulima do stropa ili [&hellip;]</p>
