{"id":92789,"date":"2021-03-19T13:48:48","date_gmt":"2021-03-19T13:48:48","guid":{"rendered":"https:\/\/cernelic.hr\/katalog\/Bez%20kategorije\/at-by-wilkhahn-2\/"},"modified":"2023-12-08T02:34:42","modified_gmt":"2023-12-08T02:34:42","slug":"at-by-wilkhahn","status":"publish","type":"product","link":"https:\/\/cernelic.hr\/en\/proizvod\/at-by-wilkhahn\/","title":{"rendered":"AT by Wilkhahn"},"content":{"rendered":"<p>Wikhahn \u201efree-2-move\u201c koncept &#8211; globalno je mjerilo u zdravom trodimenzionalnom sjedenju. \u201eAT\u201c obitelj s njenim integrativnim, koordiniranim dizajnom, razli\u010ditim modelima i prilagodljivim karakteristikama pametan je, svestran odabir izme\u0111u \u201efree-2-move\u201c asortimana. Samocentriraju\u0107i ovjes okvira sjedala osigurava da va\u0161e tijelo zadr\u017eava svoje sredi\u0161te gravitacije \u2013 bez obzira na dr\u017eanje ili kretnje. Dr\u017ea\u010d naslona za le\u0111a s njegovim kapacitetom za naginjanje dolazi s automatskim prilago\u0111avanjem te\u017eini. Rezultat \u010dini kori\u0161tenje \u201eAT\u201c-ovog zdravog raspona kretnji laganim poput dje\u010dje igre. Samo sjednite, namjestite visinu sjedala, i gotovi ste! Ova polivalentna stolica i Va\u0161e tijelo napraviti \u0107e ostalo sami od sebe\u2026<\/p>\n","protected":false},"excerpt":{"rendered":"<p>Wikhahn \u201efree-2-move\u201c koncept &#8211; globalno je mjerilo u zdravom trodimenzionalnom sjedenju. \u201eAT\u201c obitelj s njenim integrativnim, koordiniranim dizajnom, razli\u010ditim modelima i prilagodljivim karakteristikama pametan je, svestran odabir izme\u0111u \u201efree-2-move\u201c asortimana. Samocentriraju\u0107i ovjes okvira sjedala osigurava da va\u0161e tijelo zadr\u017eava svoje sredi\u0161te gravitacije \u2013 bez obzira na dr\u017eanje ili kretnje. Dr\u017ea\u010d naslona za le\u0111a s njegovim [&hellip;]<\/p>\n","protected":false},"featured_media":92107,"template":"","meta":{"_acf_changed":false},"product_brand":[],"product_cat":[2085,2061,2068,2150,2153,2166,2152,2073,2087,2092],"product_tag":[],"berocket_brand":[532],"class_list":{"0":"post-92789","1":"product","2":"type-product","3":"status-publish","4":"has-post-thumbnail","6":"product_cat-namjestaj-za-urede","7":"product_cat-proizvodi","8":"product_cat-prostori","9":"product_cat-prostori-rezidencijalni-namjestaj-za-kucni-ured","10":"product_cat-prostori-uredi-radne-stolice","11":"product_cat-proizvodi-namjestaj-za-urede-radne-stolice","12":"product_cat-proizvodi-stolice-radne-stolice","13":"product_cat-rezidencijalni","14":"product_cat-stolice","15":"product_cat-uredi","16":"berocket_brand-wilkhahn","18":"first","19":"instock","20":"product-type-grouped"},"acf":[],"_links":{"self":[{"href":"https:\/\/cernelic.hr\/en\/wp-json\/wp\/v2\/product\/92789","targetHints":{"allow":["GET"]}}],"collection":[{"href":"https:\/\/cernelic.hr\/en\/wp-json\/wp\/v2\/product"}],"about":[{"href":"https:\/\/cernelic.hr\/en\/wp-json\/wp\/v2\/types\/product"}],"wp:featuredmedia":[{"embeddable":true,"href":"https:\/\/cernelic.hr\/en\/wp-json\/wp\/v2\/media\/92107"}],"wp:attachment":[{"href":"https:\/\/cernelic.hr\/en\/wp-json\/wp\/v2\/media?parent=92789"}],"wp:term":[{"taxonomy":"product_brand","embeddable":true,"href":"https:\/\/cernelic.hr\/en\/wp-json\/wp\/v2\/product_brand?post=92789"},{"taxonomy":"product_cat","embeddable":true,"href":"https:\/\/cernelic.hr\/en\/wp-json\/wp\/v2\/product_cat?post=92789"},{"taxonomy":"product_tag","embeddable":true,"href":"https:\/\/cernelic.hr\/en\/wp-json\/wp\/v2\/product_tag?post=92789"},{"taxonomy":"berocket_brand","embeddable":true,"href":"https:\/\/cernelic.hr\/en\/wp-json\/wp\/v2\/berocket_brand?post=92789"}],"curies":[{"name":"wp","href":"https:\/\/api.w.org\/{rel}","templated":true}]}}

<p>Wikhahn „free-2-move“ koncept &#8211; globalno je mjerilo u zdravom trodimenzionalnom sjedenju. „AT“ obitelj s njenim integrativnim, koordiniranim dizajnom, različitim modelima i prilagodljivim karakteristikama pametan je, svestran odabir između „free-2-move“ asortimana. Samocentrirajući ovjes okvira sjedala osigurava da vaše tijelo zadržava svoje središte gravitacije – bez obzira na držanje ili kretnje. Držač naslona za leđa s njegovim kapacitetom za naginjanje dolazi s automatskim prilagođavanjem težini. Rezultat čini korištenje „AT“-ovog zdravog raspona kretnji laganim poput dječje igre. Samo sjednite, namjestite visinu sjedala, i gotovi ste! Ova polivalentna stolica i Vaše tijelo napraviti će ostalo sami od sebe…</p>

<p>Wikhahn „free-2-move“ koncept &#8211; globalno je mjerilo u zdravom trodimenzionalnom sjedenju. „AT“ obitelj s njenim integrativnim, koordiniranim dizajnom, različitim modelima i prilagodljivim karakteristikama pametan je, svestran odabir između „free-2-move“ asortimana. Samocentrirajući ovjes okvira sjedala osigurava da vaše tijelo zadržava svoje središte gravitacije – bez obzira na držanje ili kretnje. Držač naslona za leđa s njegovim [&hellip;]</p>
