{"id":92793,"date":"2021-03-19T13:48:48","date_gmt":"2021-03-19T13:48:48","guid":{"rendered":"https:\/\/cernelic.hr\/katalog\/Bez%20kategorije\/confair-accessories-by-wilkhahn-2\/"},"modified":"2023-12-08T02:34:51","modified_gmt":"2023-12-08T02:34:51","slug":"confair-accessories-by-wilkhahn","status":"publish","type":"product","link":"https:\/\/cernelic.hr\/en\/proizvod\/confair-accessories-by-wilkhahn\/","title":{"rendered":"CONFAIR Accessories by Wilkhahn"},"content":{"rendered":"<p>Dinami\u010dan. Prostorno ekonomi\u010dan. Vrhunski dizajniran. \u201eConfair\u201c asortiman savr\u0161en je primjer kombiniranja imid\u017ea i inovativne sile. Detalji visoke kvalitete, izvrsni materijali i karakteristi\u010dni dizajn ja\u010daju duh zajedni\u0161tva i postignuti dojam. U isto vrijeme, njegova modularna, lako prenosiva struktura i inovativni funkcionalni detalji poti\u010du sudjelovanje, osobnu organiziranost i interaktivne vje\u0161tine. A tako\u0111er je i u\u0161teda op\u0107ih tro\u0161kova koje bi ina\u010de morao pokriti menad\u017ement radnog prostora. Zaista nije iznena\u0111enje da je \u201eConfair\u201c u industriji diljem svijeta postavio primjer novog tipa koncepta namje\u0161taja. \u0160to se ti\u010de funkcije i vrhunskog dizajna, dobar je izbor za radionice, za projekte, seminare i konferencijska ure\u0111enja.<\/p>\n","protected":false},"excerpt":{"rendered":"<p>Dinami\u010dan. Prostorno ekonomi\u010dan. Vrhunski dizajniran. \u201eConfair\u201c asortiman savr\u0161en je primjer kombiniranja imid\u017ea i inovativne sile. Detalji visoke kvalitete, izvrsni materijali i karakteristi\u010dni dizajn ja\u010daju duh zajedni\u0161tva i postignuti dojam. U isto vrijeme, njegova modularna, lako prenosiva struktura i inovativni funkcionalni detalji poti\u010du sudjelovanje, osobnu organiziranost i interaktivne vje\u0161tine. A tako\u0111er je i u\u0161teda op\u0107ih tro\u0161kova [&hellip;]<\/p>\n","protected":false},"featured_media":92112,"template":"","meta":{"_acf_changed":false},"product_brand":[],"product_cat":[2235,2514,2165,2111,2105,2085,2061,2196,2068,2209,2255,2149,2208,2183,2151,2230,2174,2148,2118,2249,2092],"product_tag":[],"berocket_brand":[532],"class_list":{"0":"post-92793","1":"product","2":"type-product","3":"status-publish","4":"has-post-thumbnail","6":"product_cat-proizvodi-namjestaj-za-urede-accessories","7":"product_cat-accessories","8":"product_cat-proizvodi-namjestaj-za-urede-co-working-namjestaj","9":"product_cat-dvorane","10":"product_cat-javni","11":"product_cat-namjestaj-za-urede","12":"product_cat-proizvodi","13":"product_cat-proizvodi-accessories-accessories-za-unutarnje-prostore","14":"product_cat-prostori","15":"product_cat-prostori-dvorane-accessories","16":"product_cat-prostori-dvorane-prezentacijska-oprema","17":"product_cat-prostori-horeca-namjestaj-za-sastanke-i-konferencije","18":"product_cat-prostori-javni-accessories","19":"product_cat-prostori-javni-namjestaj-za-predavaone","20":"product_cat-prostori-javni-namjestaj-za-sastanke-i-konferencije","21":"product_cat-prostori-uredi-accessories","22":"product_cat-prostori-uredi-co-working-namjestaj","23":"product_cat-prostori-uredi-namjestaj-za-sastanke-i-konferencije","24":"product_cat-stolovi","25":"product_cat-proizvodi-stolovi-stolovi-katedre-i-govornice","26":"product_cat-uredi","27":"berocket_brand-wilkhahn","29":"first","30":"instock","31":"product-type-grouped"},"acf":[],"_links":{"self":[{"href":"https:\/\/cernelic.hr\/en\/wp-json\/wp\/v2\/product\/92793","targetHints":{"allow":["GET"]}}],"collection":[{"href":"https:\/\/cernelic.hr\/en\/wp-json\/wp\/v2\/product"}],"about":[{"href":"https:\/\/cernelic.hr\/en\/wp-json\/wp\/v2\/types\/product"}],"wp:featuredmedia":[{"embeddable":true,"href":"https:\/\/cernelic.hr\/en\/wp-json\/wp\/v2\/media\/92112"}],"wp:attachment":[{"href":"https:\/\/cernelic.hr\/en\/wp-json\/wp\/v2\/media?parent=92793"}],"wp:term":[{"taxonomy":"product_brand","embeddable":true,"href":"https:\/\/cernelic.hr\/en\/wp-json\/wp\/v2\/product_brand?post=92793"},{"taxonomy":"product_cat","embeddable":true,"href":"https:\/\/cernelic.hr\/en\/wp-json\/wp\/v2\/product_cat?post=92793"},{"taxonomy":"product_tag","embeddable":true,"href":"https:\/\/cernelic.hr\/en\/wp-json\/wp\/v2\/product_tag?post=92793"},{"taxonomy":"berocket_brand","embeddable":true,"href":"https:\/\/cernelic.hr\/en\/wp-json\/wp\/v2\/berocket_brand?post=92793"}],"curies":[{"name":"wp","href":"https:\/\/api.w.org\/{rel}","templated":true}]}}

<p>Dinamičan. Prostorno ekonomičan. Vrhunski dizajniran. „Confair“ asortiman savršen je primjer kombiniranja imidža i inovativne sile. Detalji visoke kvalitete, izvrsni materijali i karakteristični dizajn jačaju duh zajedništva i postignuti dojam. U isto vrijeme, njegova modularna, lako prenosiva struktura i inovativni funkcionalni detalji potiču sudjelovanje, osobnu organiziranost i interaktivne vještine. A također je i ušteda općih troškova koje bi inače morao pokriti menadžment radnog prostora. Zaista nije iznenađenje da je „Confair“ u industriji diljem svijeta postavio primjer novog tipa koncepta namještaja. Što se tiče funkcije i vrhunskog dizajna, dobar je izbor za radionice, za projekte, seminare i konferencijska uređenja.</p>

<p>Dinamičan. Prostorno ekonomičan. Vrhunski dizajniran. „Confair“ asortiman savršen je primjer kombiniranja imidža i inovativne sile. Detalji visoke kvalitete, izvrsni materijali i karakteristični dizajn jačaju duh zajedništva i postignuti dojam. U isto vrijeme, njegova modularna, lako prenosiva struktura i inovativni funkcionalni detalji potiču sudjelovanje, osobnu organiziranost i interaktivne vještine. A također je i ušteda općih troškova [&hellip;]</p>
