{"id":92795,"date":"2021-03-19T13:48:48","date_gmt":"2021-03-19T13:48:48","guid":{"rendered":"https:\/\/cernelic.hr\/katalog\/Bez%20kategorije\/contas-by-wilkhahn-2\/"},"modified":"2023-12-08T02:34:54","modified_gmt":"2023-12-08T02:34:54","slug":"contas-by-wilkhahn","status":"publish","type":"product","link":"https:\/\/cernelic.hr\/en\/proizvod\/contas-by-wilkhahn\/","title":{"rendered":"CONTAS by Wilkhahn"},"content":{"rendered":"<p>Minimalisti\u010dki. Lagan. Iznena\u0111uju\u0107e svestran.<br \/>\n\u201eContras\u201c je inteligentno, vrhunsko i izdr\u017eljivo rje\u0161enje koje brzo vra\u0107a ulo\u017eeno. \u010cisto\u0107a i kvaliteta ovog sofisticiranog dizajna zaista je impresivna. Impozantna figura u konferencijskim sobama, uistinu nagla\u0161ava va\u017enost prilike. \u201eContas\u201c tako\u0111er nudi atraktivne cjenovne benefite kada je u pitanju odr\u017eavanje. Lako se prilago\u0111ava razli\u010ditim brojevima sudionika, radnih metoda i oblika prostorije. Sastavljanje bez alata pretvara sisteme spojenih stolova u pojedina\u010dne stolove, duga\u010dke linije, konfiguracije u obliku potkove ili kvadrata u tren oka. Patentirani spojni mehanizam i pametna integracija svih funkcija \u0161tede vrijeme i novac. Kromirano tijelo isti\u010de se lijepim sjajem, a stolne povr\u0161ine mogu biti u laminatu, linoleumu ili furniru.<\/p>\n","protected":false},"excerpt":{"rendered":"<p>Minimalisti\u010dki. Lagan. Iznena\u0111uju\u0107e svestran. \u201eContras\u201c je inteligentno, vrhunsko i izdr\u017eljivo rje\u0161enje koje brzo vra\u0107a ulo\u017eeno. \u010cisto\u0107a i kvaliteta ovog sofisticiranog dizajna zaista je impresivna. Impozantna figura u konferencijskim sobama, uistinu nagla\u0161ava va\u017enost prilike. \u201eContas\u201c tako\u0111er nudi atraktivne cjenovne benefite kada je u pitanju odr\u017eavanje. Lako se prilago\u0111ava razli\u010ditim brojevima sudionika, radnih metoda i oblika prostorije. [&hellip;]<\/p>\n","protected":false},"featured_media":92113,"template":"","meta":{"_acf_changed":false},"product_brand":[],"product_cat":[2234,2105,2085,2061,2068,2149,2179,2183,2151,2150,2137,2148,2180,2073,2118,2249,2132,2133,2135,2163,2092,2170],"product_tag":[],"berocket_brand":[532],"class_list":{"0":"post-92795","1":"product","2":"type-product","3":"status-publish","4":"has-post-thumbnail","6":"product_cat-proizvodi-stolovi-akusticne-i-zastitne-pregrade-za-stolove","7":"product_cat-javni","8":"product_cat-namjestaj-za-urede","9":"product_cat-proizvodi","10":"product_cat-prostori","11":"product_cat-prostori-horeca-namjestaj-za-sastanke-i-konferencije","12":"product_cat-prostori-javni-namjestaj-za-knjiznice","13":"product_cat-prostori-javni-namjestaj-za-predavaone","14":"product_cat-prostori-javni-namjestaj-za-sastanke-i-konferencije","15":"product_cat-prostori-rezidencijalni-namjestaj-za-kucni-ured","16":"product_cat-prostori-uredi-home-office","17":"product_cat-prostori-uredi-namjestaj-za-sastanke-i-konferencije","18":"product_cat-prostori-uredi-uredski-namjestaj","19":"product_cat-rezidencijalni","20":"product_cat-stolovi","21":"product_cat-proizvodi-stolovi-stolovi-katedre-i-govornice","22":"product_cat-proizvodi-stolovi-stolovi-za-kucni-ured","23":"product_cat-proizvodi-stolovi-stolovi-za-sastanke-i-konferencije","24":"product_cat-proizvodi-stolovi-stolovi-za-unutarnje-prostore","25":"product_cat-proizvodi-stolovi-stolovi-za-urede","26":"product_cat-uredi","27":"product_cat-proizvodi-namjestaj-za-urede-namjestaj","28":"berocket_brand-wilkhahn","30":"first","31":"instock","32":"product-type-grouped"},"acf":[],"_links":{"self":[{"href":"https:\/\/cernelic.hr\/en\/wp-json\/wp\/v2\/product\/92795","targetHints":{"allow":["GET"]}}],"collection":[{"href":"https:\/\/cernelic.hr\/en\/wp-json\/wp\/v2\/product"}],"about":[{"href":"https:\/\/cernelic.hr\/en\/wp-json\/wp\/v2\/types\/product"}],"wp:featuredmedia":[{"embeddable":true,"href":"https:\/\/cernelic.hr\/en\/wp-json\/wp\/v2\/media\/92113"}],"wp:attachment":[{"href":"https:\/\/cernelic.hr\/en\/wp-json\/wp\/v2\/media?parent=92795"}],"wp:term":[{"taxonomy":"product_brand","embeddable":true,"href":"https:\/\/cernelic.hr\/en\/wp-json\/wp\/v2\/product_brand?post=92795"},{"taxonomy":"product_cat","embeddable":true,"href":"https:\/\/cernelic.hr\/en\/wp-json\/wp\/v2\/product_cat?post=92795"},{"taxonomy":"product_tag","embeddable":true,"href":"https:\/\/cernelic.hr\/en\/wp-json\/wp\/v2\/product_tag?post=92795"},{"taxonomy":"berocket_brand","embeddable":true,"href":"https:\/\/cernelic.hr\/en\/wp-json\/wp\/v2\/berocket_brand?post=92795"}],"curies":[{"name":"wp","href":"https:\/\/api.w.org\/{rel}","templated":true}]}}

<p>Minimalistički. Lagan. Iznenađujuće svestran.<br />
„Contras“ je inteligentno, vrhunsko i izdržljivo rješenje koje brzo vraća uloženo. Čistoća i kvaliteta ovog sofisticiranog dizajna zaista je impresivna. Impozantna figura u konferencijskim sobama, uistinu naglašava važnost prilike. „Contas“ također nudi atraktivne cjenovne benefite kada je u pitanju održavanje. Lako se prilagođava različitim brojevima sudionika, radnih metoda i oblika prostorije. Sastavljanje bez alata pretvara sisteme spojenih stolova u pojedinačne stolove, dugačke linije, konfiguracije u obliku potkove ili kvadrata u tren oka. Patentirani spojni mehanizam i pametna integracija svih funkcija štede vrijeme i novac. Kromirano tijelo ističe se lijepim sjajem, a stolne površine mogu biti u laminatu, linoleumu ili furniru.</p>

<p>Minimalistički. Lagan. Iznenađujuće svestran. „Contras“ je inteligentno, vrhunsko i izdržljivo rješenje koje brzo vraća uloženo. Čistoća i kvaliteta ovog sofisticiranog dizajna zaista je impresivna. Impozantna figura u konferencijskim sobama, uistinu naglašava važnost prilike. „Contas“ također nudi atraktivne cjenovne benefite kada je u pitanju održavanje. Lako se prilagođava različitim brojevima sudionika, radnih metoda i oblika prostorije. [&hellip;]</p>
