{"id":92807,"date":"2021-03-19T13:52:02","date_gmt":"2021-03-19T13:52:02","guid":{"rendered":"https:\/\/cernelic.hr\/katalog\/Bez%20kategorije\/metrik-by-wilkhahn-2\/"},"modified":"2025-11-10T15:41:55","modified_gmt":"2025-11-10T15:41:55","slug":"metrik-by-wilkhahn","status":"publish","type":"product","link":"https:\/\/cernelic.hr\/en\/proizvod\/metrik-by-wilkhahn\/","title":{"rendered":"METRIK by Wilkhahn"},"content":{"rendered":"<p>METRIK<br \/>\nWilkhahnova nova \u201eMetrik\u201c stolica isti\u010de se svojim strukturalnim oblikom i konturama koje podsje\u0107aju na dizajn modernih automobila. Poligonalni oblici i zaobljeni rubovi dio su distinktnog tijela koje je definirano monta\u017eom cjevastog \u010deli\u010dnog okvira i komponente sjedala. Sjedalo i cjevasti okvir iste su boje, nagla\u0161avaju\u0107i integrirani dizajn. Rezultat je stolica na kojoj se ne vide nikakvi prijelazi. Skulpturalni oblik unutra\u0161njosti stolice s njenim integriranim jastukom-sjedalom nudi superiornu udobnost koja mo\u017ee biti osna\u017eena dodatkom jastuka na naslon. Presvlake jastuka dolaze u razli\u010ditim teksturama i bojama a obojane sekcije i okviri stolice od poliamida tako\u0111er su dostupne u \u010detiri boje. Spektar pokriva crnu, bijelu i sivu do sivo-be\u017e. Sjajni kromirani okvir mo\u017ee biti kombiniran sa svim bojama. Do \u0161est \u201eMetrik\u201c stolica u ovoj verziji mo\u017ee biti poslo\u017eeno jedna na drugu.<\/p>\n","protected":false},"excerpt":{"rendered":"<p>METRIK Wilkhahnova nova \u201eMetrik\u201c stolica isti\u010de se svojim strukturalnim oblikom i konturama koje podsje\u0107aju na dizajn modernih automobila. Poligonalni oblici i zaobljeni rubovi dio su distinktnog tijela koje je definirano monta\u017eom cjevastog \u010deli\u010dnog okvira i komponente sjedala. Sjedalo i cjevasti okvir iste su boje, nagla\u0161avaju\u0107i integrirani dizajn. Rezultat je stolica na kojoj se ne vide [&hellip;]<\/p>\n","protected":false},"featured_media":92125,"template":"","meta":{"_acf_changed":false},"product_brand":[],"product_cat":[2111,2099,2105,2090,2061,2098,2068,2164,2102,2100,2106,2109,2104,2093,2073,2087,2088,2089,2091,2092],"product_tag":[],"berocket_brand":[532],"class_list":{"0":"post-92807","1":"product","2":"type-product","3":"status-publish","4":"has-post-thumbnail","6":"product_cat-dvorane","7":"product_cat-horeca-prostori-horeca","8":"product_cat-javni","9":"product_cat-proizvodi-stolice-stolice-za-sastanke","10":"product_cat-proizvodi","11":"product_cat-prostori-horeca","12":"product_cat-prostori","13":"product_cat-prostori-dvorane-visenamjenske-i-pomicne-sjedalice-za-dvorane","14":"product_cat-prostori-horeca-stolice-za-kongresne-dvorane","15":"product_cat-prostori-horeca-stolice-za-unutarnje-prostore","16":"product_cat-prostori-javni-kongresne-stolice","17":"product_cat-prostori-javni-stolice-za-unutarnje-prostore","18":"product_cat-prostori-rezidencijalni-stolice-za-unutarnje-prostore","19":"product_cat-prostori-uredi-stolice-za-sastanke","20":"product_cat-rezidencijalni","21":"product_cat-stolice","22":"product_cat-proizvodi-stolice-stolice-za-cekaonice","23":"product_cat-proizvodi-stolice-stolice-za-kongresne-dvorane","24":"product_cat-proizvodi-stolice-stolice-za-unutarnje-prostore","25":"product_cat-uredi","26":"berocket_brand-wilkhahn","28":"first","29":"instock","30":"product-type-grouped"},"acf":[],"_links":{"self":[{"href":"https:\/\/cernelic.hr\/en\/wp-json\/wp\/v2\/product\/92807","targetHints":{"allow":["GET"]}}],"collection":[{"href":"https:\/\/cernelic.hr\/en\/wp-json\/wp\/v2\/product"}],"about":[{"href":"https:\/\/cernelic.hr\/en\/wp-json\/wp\/v2\/types\/product"}],"wp:featuredmedia":[{"embeddable":true,"href":"https:\/\/cernelic.hr\/en\/wp-json\/wp\/v2\/media\/92125"}],"wp:attachment":[{"href":"https:\/\/cernelic.hr\/en\/wp-json\/wp\/v2\/media?parent=92807"}],"wp:term":[{"taxonomy":"product_brand","embeddable":true,"href":"https:\/\/cernelic.hr\/en\/wp-json\/wp\/v2\/product_brand?post=92807"},{"taxonomy":"product_cat","embeddable":true,"href":"https:\/\/cernelic.hr\/en\/wp-json\/wp\/v2\/product_cat?post=92807"},{"taxonomy":"product_tag","embeddable":true,"href":"https:\/\/cernelic.hr\/en\/wp-json\/wp\/v2\/product_tag?post=92807"},{"taxonomy":"berocket_brand","embeddable":true,"href":"https:\/\/cernelic.hr\/en\/wp-json\/wp\/v2\/berocket_brand?post=92807"}],"curies":[{"name":"wp","href":"https:\/\/api.w.org\/{rel}","templated":true}]}}

<p>METRIK<br />
Wilkhahnova nova „Metrik“ stolica ističe se svojim strukturalnim oblikom i konturama koje podsjećaju na dizajn modernih automobila. Poligonalni oblici i zaobljeni rubovi dio su distinktnog tijela koje je definirano montažom cjevastog čeličnog okvira i komponente sjedala. Sjedalo i cjevasti okvir iste su boje, naglašavajući integrirani dizajn. Rezultat je stolica na kojoj se ne vide nikakvi prijelazi. Skulpturalni oblik unutrašnjosti stolice s njenim integriranim jastukom-sjedalom nudi superiornu udobnost koja može biti osnažena dodatkom jastuka na naslon. Presvlake jastuka dolaze u različitim teksturama i bojama a obojane sekcije i okviri stolice od poliamida također su dostupne u četiri boje. Spektar pokriva crnu, bijelu i sivu do sivo-bež. Sjajni kromirani okvir može biti kombiniran sa svim bojama. Do šest „Metrik“ stolica u ovoj verziji može biti posloženo jedna na drugu.</p>

<p>METRIK Wilkhahnova nova „Metrik“ stolica ističe se svojim strukturalnim oblikom i konturama koje podsjećaju na dizajn modernih automobila. Poligonalni oblici i zaobljeni rubovi dio su distinktnog tijela koje je definirano montažom cjevastog čeličnog okvira i komponente sjedala. Sjedalo i cjevasti okvir iste su boje, naglašavajući integrirani dizajn. Rezultat je stolica na kojoj se ne vide [&hellip;]</p>
