{"id":92810,"date":"2021-03-19T13:52:02","date_gmt":"2021-03-19T13:52:02","guid":{"rendered":"https:\/\/cernelic.hr\/katalog\/Bez%20kategorije\/modus-excutive-by-wilkhahn-2\/"},"modified":"2023-12-08T02:36:14","modified_gmt":"2023-12-08T02:36:14","slug":"modus-executive-by-wilkhahn","status":"publish","type":"product","link":"https:\/\/cernelic.hr\/en\/proizvod\/modus-executive-by-wilkhahn\/","title":{"rendered":"MODUS Executive by Wilkhahn"},"content":{"rendered":"<p>Pametno, i opu\u0161teno.<br \/>\nNa pozicijama odgovornosti, uredske i konferencijske stolice zadnje su stvari na kojima se \u0161tedi. Iz tog je razloga \u201eModus Executive\u201c asortiman fokusiran na kvalitetu ispred kvantitete. Kombinira iznimnu udobnost i stylish izgled \u201eModus\u201c kolekcije s ekskluzivnim i presti\u017enim detaljima: sjedalo i naslon za le\u0111a prekriveni su ravnim jastucima ispunjenim jako mekim perjem. S oprezno za\u0161ivenim \u0161avovima, jastuci nagla\u0161avaju vitku liniju tako\u0111er daju\u0107i namje\u0161taju \u0161tih neformalnosti visoke kvalitete. Bilo kao uredska, konferencijska ili konzolna stolica, \u201eModus Executive\u201c zna\u010di suvremen i dinami\u010dan menad\u017eerski stil. Uz svu raznovrsnost koja se nudi u kategorijama funkcije, detalja i stila, svi \u201eModus\u201c modeli imaju jednu stvar koja im je zajedni\u010dka: njihov odli\u010dan izgled i prvorazrednu ergonomiju. Sjedalo i naslon s ravnim jastucima presvu\u010denim ko\u017eom, poliamidni nasloni za ruke s reljefnom ko\u017enom presvlakom, sjajni kromirani aluminijski okvir.<\/p>\n","protected":false},"excerpt":{"rendered":"<p>Pametno, i opu\u0161teno. Na pozicijama odgovornosti, uredske i konferencijske stolice zadnje su stvari na kojima se \u0161tedi. Iz tog je razloga \u201eModus Executive\u201c asortiman fokusiran na kvalitetu ispred kvantitete. Kombinira iznimnu udobnost i stylish izgled \u201eModus\u201c kolekcije s ekskluzivnim i presti\u017enim detaljima: sjedalo i naslon za le\u0111a prekriveni su ravnim jastucima ispunjenim jako mekim perjem. [&hellip;]<\/p>\n","protected":false},"featured_media":92128,"template":"","meta":{"_acf_changed":false},"product_brand":[],"product_cat":[2090,2085,2061,2068,2150,2153,2093,2166,2152,2073,2087,2113,2092],"product_tag":[],"berocket_brand":[532],"class_list":{"0":"post-92810","1":"product","2":"type-product","3":"status-publish","4":"has-post-thumbnail","6":"product_cat-proizvodi-stolice-stolice-za-sastanke","7":"product_cat-namjestaj-za-urede","8":"product_cat-proizvodi","9":"product_cat-prostori","10":"product_cat-prostori-rezidencijalni-namjestaj-za-kucni-ured","11":"product_cat-prostori-uredi-radne-stolice","12":"product_cat-prostori-uredi-stolice-za-sastanke","13":"product_cat-proizvodi-namjestaj-za-urede-radne-stolice","14":"product_cat-proizvodi-stolice-radne-stolice","15":"product_cat-rezidencijalni","16":"product_cat-stolice","17":"product_cat-proizvodi-namjestaj-za-urede-stolice-za-sastanke","18":"product_cat-uredi","19":"berocket_brand-wilkhahn","21":"first","22":"instock","23":"product-type-grouped"},"acf":[],"_links":{"self":[{"href":"https:\/\/cernelic.hr\/en\/wp-json\/wp\/v2\/product\/92810","targetHints":{"allow":["GET"]}}],"collection":[{"href":"https:\/\/cernelic.hr\/en\/wp-json\/wp\/v2\/product"}],"about":[{"href":"https:\/\/cernelic.hr\/en\/wp-json\/wp\/v2\/types\/product"}],"wp:featuredmedia":[{"embeddable":true,"href":"https:\/\/cernelic.hr\/en\/wp-json\/wp\/v2\/media\/92128"}],"wp:attachment":[{"href":"https:\/\/cernelic.hr\/en\/wp-json\/wp\/v2\/media?parent=92810"}],"wp:term":[{"taxonomy":"product_brand","embeddable":true,"href":"https:\/\/cernelic.hr\/en\/wp-json\/wp\/v2\/product_brand?post=92810"},{"taxonomy":"product_cat","embeddable":true,"href":"https:\/\/cernelic.hr\/en\/wp-json\/wp\/v2\/product_cat?post=92810"},{"taxonomy":"product_tag","embeddable":true,"href":"https:\/\/cernelic.hr\/en\/wp-json\/wp\/v2\/product_tag?post=92810"},{"taxonomy":"berocket_brand","embeddable":true,"href":"https:\/\/cernelic.hr\/en\/wp-json\/wp\/v2\/berocket_brand?post=92810"}],"curies":[{"name":"wp","href":"https:\/\/api.w.org\/{rel}","templated":true}]}}

<p>Pametno, i opušteno.<br />
Na pozicijama odgovornosti, uredske i konferencijske stolice zadnje su stvari na kojima se štedi. Iz tog je razloga „Modus Executive“ asortiman fokusiran na kvalitetu ispred kvantitete. Kombinira iznimnu udobnost i stylish izgled „Modus“ kolekcije s ekskluzivnim i prestižnim detaljima: sjedalo i naslon za leđa prekriveni su ravnim jastucima ispunjenim jako mekim perjem. S oprezno zašivenim šavovima, jastuci naglašavaju vitku liniju također dajući namještaju štih neformalnosti visoke kvalitete. Bilo kao uredska, konferencijska ili konzolna stolica, „Modus Executive“ znači suvremen i dinamičan menadžerski stil. Uz svu raznovrsnost koja se nudi u kategorijama funkcije, detalja i stila, svi „Modus“ modeli imaju jednu stvar koja im je zajednička: njihov odličan izgled i prvorazrednu ergonomiju. Sjedalo i naslon s ravnim jastucima presvučenim kožom, poliamidni nasloni za ruke s reljefnom kožnom presvlakom, sjajni kromirani aluminijski okvir.</p>

<p>Pametno, i opušteno. Na pozicijama odgovornosti, uredske i konferencijske stolice zadnje su stvari na kojima se štedi. Iz tog je razloga „Modus Executive“ asortiman fokusiran na kvalitetu ispred kvantitete. Kombinira iznimnu udobnost i stylish izgled „Modus“ kolekcije s ekskluzivnim i prestižnim detaljima: sjedalo i naslon za leđa prekriveni su ravnim jastucima ispunjenim jako mekim perjem. [&hellip;]</p>
