{"id":92815,"date":"2021-03-19T13:52:02","date_gmt":"2021-03-19T13:52:02","guid":{"rendered":"https:\/\/cernelic.hr\/katalog\/Bez%20kategorije\/on-by-wilkhahn-2\/"},"modified":"2023-12-08T02:36:23","modified_gmt":"2023-12-08T02:36:23","slug":"on-by-wilkhahn","status":"publish","type":"product","link":"https:\/\/cernelic.hr\/en\/proizvod\/on-by-wilkhahn\/","title":{"rendered":"ON by Wilkhahn"},"content":{"rendered":"<p>U dana\u0161njim u\u017eurbanim uredskim prostorima svi provodimo mnogo vremena u pogrbljenim pozicijama za na\u0161im stolovima. Bizarno \u2013 unato\u010d \u0161teti koju nanosi na\u0161im tijelima, mi biramo lijeno dr\u017eanje. Ono \u0161to ljudsko tijelo zapravo zahtijeva je frekventan i raznolik raspon kretanja. Wilkhahn razumije klju\u010dni princip ergonomije, te je zato proizveden Trimension\u00ae za ergonomsku \u201eON\u201c stolicu. Ova unikatna i testirana karakteristika patentirana je tehnologija za trodimenzionalno, sinkro-podesivo dinami\u010dno sjedenje. Trimension\u00ae ne podr\u017eava samo kretanje unaprijed, unazad i u stranu, ve\u0107 i rotacije zdjelice \u2013 va\u017ene za stabilnost kralje\u017enice. Dvije odvojeno pomi\u010dne klizne plo\u010de, ba\u0161 kao dva bedra, le\u017ee u sr\u017ei tehnologije. Minimalne promjene u te\u017eini odmah se pretvaraju u kretanje. Pozicija klju\u010dnih to\u010daka i na\u010din na koji funkcioniraju jednaki su kukovima i zglobovima. Rezultat? Ravnote\u017ea tijela ostaje u savr\u0161enom balansu \u2013 bez obzira koju pozu poprima ili na\u010dina na koji se kre\u0107e. Nova dimenzija u sjedenju brzo postaje ne\u0161to \u0161to se podrazumijeva. Bol u le\u0111ima efikasno se sprje\u010dava a metabolizam, mi\u0161i\u0107i i zglobovi kvalitetno su stimulirani. <\/p>\n","protected":false},"excerpt":{"rendered":"<p>U dana\u0161njim u\u017eurbanim uredskim prostorima svi provodimo mnogo vremena u pogrbljenim pozicijama za na\u0161im stolovima. Bizarno \u2013 unato\u010d \u0161teti koju nanosi na\u0161im tijelima, mi biramo lijeno dr\u017eanje. Ono \u0161to ljudsko tijelo zapravo zahtijeva je frekventan i raznolik raspon kretanja. Wilkhahn razumije klju\u010dni princip ergonomije, te je zato proizveden Trimension\u00ae za ergonomsku \u201eON\u201c stolicu. Ova unikatna [&hellip;]<\/p>\n","protected":false},"featured_media":92133,"template":"","meta":{"_acf_changed":false},"product_brand":[],"product_cat":[2111,2099,2105,2090,2085,2061,2098,2068,2164,2102,2100,2106,2109,2150,2104,2153,2093,2166,2152,2073,2087,2088,2089,2113,2091,2092],"product_tag":[],"berocket_brand":[532],"class_list":{"0":"post-92815","1":"product","2":"type-product","3":"status-publish","4":"has-post-thumbnail","6":"product_cat-dvorane","7":"product_cat-horeca-prostori-horeca","8":"product_cat-javni","9":"product_cat-proizvodi-stolice-stolice-za-sastanke","10":"product_cat-namjestaj-za-urede","11":"product_cat-proizvodi","12":"product_cat-prostori-horeca","13":"product_cat-prostori","14":"product_cat-prostori-dvorane-visenamjenske-i-pomicne-sjedalice-za-dvorane","15":"product_cat-prostori-horeca-stolice-za-kongresne-dvorane","16":"product_cat-prostori-horeca-stolice-za-unutarnje-prostore","17":"product_cat-prostori-javni-kongresne-stolice","18":"product_cat-prostori-javni-stolice-za-unutarnje-prostore","19":"product_cat-prostori-rezidencijalni-namjestaj-za-kucni-ured","20":"product_cat-prostori-rezidencijalni-stolice-za-unutarnje-prostore","21":"product_cat-prostori-uredi-radne-stolice","22":"product_cat-prostori-uredi-stolice-za-sastanke","23":"product_cat-proizvodi-namjestaj-za-urede-radne-stolice","24":"product_cat-proizvodi-stolice-radne-stolice","25":"product_cat-rezidencijalni","26":"product_cat-stolice","27":"product_cat-proizvodi-stolice-stolice-za-cekaonice","28":"product_cat-proizvodi-stolice-stolice-za-kongresne-dvorane","29":"product_cat-proizvodi-namjestaj-za-urede-stolice-za-sastanke","30":"product_cat-proizvodi-stolice-stolice-za-unutarnje-prostore","31":"product_cat-uredi","32":"berocket_brand-wilkhahn","34":"first","35":"instock","36":"product-type-grouped"},"acf":[],"_links":{"self":[{"href":"https:\/\/cernelic.hr\/en\/wp-json\/wp\/v2\/product\/92815","targetHints":{"allow":["GET"]}}],"collection":[{"href":"https:\/\/cernelic.hr\/en\/wp-json\/wp\/v2\/product"}],"about":[{"href":"https:\/\/cernelic.hr\/en\/wp-json\/wp\/v2\/types\/product"}],"wp:featuredmedia":[{"embeddable":true,"href":"https:\/\/cernelic.hr\/en\/wp-json\/wp\/v2\/media\/92133"}],"wp:attachment":[{"href":"https:\/\/cernelic.hr\/en\/wp-json\/wp\/v2\/media?parent=92815"}],"wp:term":[{"taxonomy":"product_brand","embeddable":true,"href":"https:\/\/cernelic.hr\/en\/wp-json\/wp\/v2\/product_brand?post=92815"},{"taxonomy":"product_cat","embeddable":true,"href":"https:\/\/cernelic.hr\/en\/wp-json\/wp\/v2\/product_cat?post=92815"},{"taxonomy":"product_tag","embeddable":true,"href":"https:\/\/cernelic.hr\/en\/wp-json\/wp\/v2\/product_tag?post=92815"},{"taxonomy":"berocket_brand","embeddable":true,"href":"https:\/\/cernelic.hr\/en\/wp-json\/wp\/v2\/berocket_brand?post=92815"}],"curies":[{"name":"wp","href":"https:\/\/api.w.org\/{rel}","templated":true}]}}

<p>U današnjim užurbanim uredskim prostorima svi provodimo mnogo vremena u pogrbljenim pozicijama za našim stolovima. Bizarno – unatoč šteti koju nanosi našim tijelima, mi biramo lijeno držanje. Ono što ljudsko tijelo zapravo zahtijeva je frekventan i raznolik raspon kretanja. Wilkhahn razumije ključni princip ergonomije, te je zato proizveden Trimension® za ergonomsku „ON“ stolicu. Ova unikatna i testirana karakteristika patentirana je tehnologija za trodimenzionalno, sinkro-podesivo dinamično sjedenje. Trimension® ne podržava samo kretanje unaprijed, unazad i u stranu, već i rotacije zdjelice – važne za stabilnost kralježnice. Dvije odvojeno pomične klizne ploče, baš kao dva bedra, leže u srži tehnologije. Minimalne promjene u težini odmah se pretvaraju u kretanje. Pozicija ključnih točaka i način na koji funkcioniraju jednaki su kukovima i zglobovima. Rezultat? Ravnoteža tijela ostaje u savršenom balansu – bez obzira koju pozu poprima ili načina na koji se kreće. Nova dimenzija u sjedenju brzo postaje nešto što se podrazumijeva. Bol u leđima efikasno se sprječava a metabolizam, mišići i zglobovi kvalitetno su stimulirani. </p>

<p>U današnjim užurbanim uredskim prostorima svi provodimo mnogo vremena u pogrbljenim pozicijama za našim stolovima. Bizarno – unatoč šteti koju nanosi našim tijelima, mi biramo lijeno držanje. Ono što ljudsko tijelo zapravo zahtijeva je frekventan i raznolik raspon kretanja. Wilkhahn razumije ključni princip ergonomije, te je zato proizveden Trimension® za ergonomsku „ON“ stolicu. Ova unikatna [&hellip;]</p>
