{"id":92820,"date":"2021-03-19T13:52:02","date_gmt":"2021-03-19T13:52:02","guid":{"rendered":"https:\/\/cernelic.hr\/katalog\/Bez%20kategorije\/sola-by-wilkhahn-2\/"},"modified":"2023-12-08T06:17:03","modified_gmt":"2023-12-08T06:17:03","slug":"sola-by-wilkhahn","status":"publish","type":"product","link":"https:\/\/cernelic.hr\/en\/proizvod\/sola-by-wilkhahn\/","title":{"rendered":"SOLA by Wilkhahn"},"content":{"rendered":"<p>Distinktivan okvir. Uredska stolica za njihanje. I to savr\u0161eno izra\u0111ena.<br \/>\nKonferencijska stolica \u201eSola\u201c refleksija je Wikhahn tradicije kombiniranja inovativne udobnosti s jasnim dizajnom i sna\u017enom privla\u010dno\u0161\u0107u. Estetika stolice definirana je linearnim oblikom okvira sjedala i distinktivno\u0161\u0107u aluminijskog okvira. Okvir se grana iz sredi\u0161njeg postolja u nosa\u010d u obliku slova V koji kulminira u naslonja\u010dima za ruke. \u201e\u0160koljka\u201c sjedala je pametno je sprijeda zakretno postavljena i povezana s potporom u obliku slova V na stra\u017enjoj strani pomo\u0107u dvije tla\u010dne opruge. Rezultat je vrhunska udobnost opruge i podesivo ljuljanje. Uz jasno\u0107u dizajna i mogu\u0107nost ljuljanja, impresivna je i prvorazredna izrada jastuka. Naslon za le\u0111a kojeg tvori tapecirani okvir od \u0161perplo\u010de koji uklju\u010duje jastu\u010di\u0107 dvostruke debljine koji stvara me\u0111uprostor po cijeloj strani. To pobolj\u0161ava ionako vitak profil.<\/p>\n","protected":false},"excerpt":{"rendered":"<p>Distinktivan okvir. Uredska stolica za njihanje. I to savr\u0161eno izra\u0111ena. Konferencijska stolica \u201eSola\u201c refleksija je Wikhahn tradicije kombiniranja inovativne udobnosti s jasnim dizajnom i sna\u017enom privla\u010dno\u0161\u0107u. Estetika stolice definirana je linearnim oblikom okvira sjedala i distinktivno\u0161\u0107u aluminijskog okvira. Okvir se grana iz sredi\u0161njeg postolja u nosa\u010d u obliku slova V koji kulminira u naslonja\u010dima za [&hellip;]<\/p>\n","protected":false},"featured_media":113744,"template":"","meta":{"_acf_changed":false},"product_brand":[],"product_cat":[2105,2090,2085,2061,2068,2140,2150,2153,2093,2166,2152,2073,2087,2113,2092],"product_tag":[],"berocket_brand":[532],"class_list":{"0":"post-92820","1":"product","2":"type-product","3":"status-publish","4":"has-post-thumbnail","6":"product_cat-javni","7":"product_cat-proizvodi-stolice-stolice-za-sastanke","8":"product_cat-namjestaj-za-urede","9":"product_cat-proizvodi","10":"product_cat-prostori","11":"product_cat-prostori-javni-stolovi-za-unutarnje-prostore","12":"product_cat-prostori-rezidencijalni-namjestaj-za-kucni-ured","13":"product_cat-prostori-uredi-radne-stolice","14":"product_cat-prostori-uredi-stolice-za-sastanke","15":"product_cat-proizvodi-namjestaj-za-urede-radne-stolice","16":"product_cat-proizvodi-stolice-radne-stolice","17":"product_cat-rezidencijalni","18":"product_cat-stolice","19":"product_cat-proizvodi-namjestaj-za-urede-stolice-za-sastanke","20":"product_cat-uredi","21":"berocket_brand-wilkhahn","23":"first","24":"instock","25":"product-type-grouped"},"acf":[],"_links":{"self":[{"href":"https:\/\/cernelic.hr\/en\/wp-json\/wp\/v2\/product\/92820","targetHints":{"allow":["GET"]}}],"collection":[{"href":"https:\/\/cernelic.hr\/en\/wp-json\/wp\/v2\/product"}],"about":[{"href":"https:\/\/cernelic.hr\/en\/wp-json\/wp\/v2\/types\/product"}],"wp:featuredmedia":[{"embeddable":true,"href":"https:\/\/cernelic.hr\/en\/wp-json\/wp\/v2\/media\/113744"}],"wp:attachment":[{"href":"https:\/\/cernelic.hr\/en\/wp-json\/wp\/v2\/media?parent=92820"}],"wp:term":[{"taxonomy":"product_brand","embeddable":true,"href":"https:\/\/cernelic.hr\/en\/wp-json\/wp\/v2\/product_brand?post=92820"},{"taxonomy":"product_cat","embeddable":true,"href":"https:\/\/cernelic.hr\/en\/wp-json\/wp\/v2\/product_cat?post=92820"},{"taxonomy":"product_tag","embeddable":true,"href":"https:\/\/cernelic.hr\/en\/wp-json\/wp\/v2\/product_tag?post=92820"},{"taxonomy":"berocket_brand","embeddable":true,"href":"https:\/\/cernelic.hr\/en\/wp-json\/wp\/v2\/berocket_brand?post=92820"}],"curies":[{"name":"wp","href":"https:\/\/api.w.org\/{rel}","templated":true}]}}

<p>Distinktivan okvir. Uredska stolica za njihanje. I to savršeno izrađena.<br />
Konferencijska stolica „Sola“ refleksija je Wikhahn tradicije kombiniranja inovativne udobnosti s jasnim dizajnom i snažnom privlačnošću. Estetika stolice definirana je linearnim oblikom okvira sjedala i distinktivnošću aluminijskog okvira. Okvir se grana iz središnjeg postolja u nosač u obliku slova V koji kulminira u naslonjačima za ruke. „Školjka“ sjedala je pametno je sprijeda zakretno postavljena i povezana s potporom u obliku slova V na stražnjoj strani pomoću dvije tlačne opruge. Rezultat je vrhunska udobnost opruge i podesivo ljuljanje. Uz jasnoću dizajna i mogućnost ljuljanja, impresivna je i prvorazredna izrada jastuka. Naslon za leđa kojeg tvori tapecirani okvir od šperploče koji uključuje jastučić dvostruke debljine koji stvara međuprostor po cijeloj strani. To poboljšava ionako vitak profil.</p>

<p>Distinktivan okvir. Uredska stolica za njihanje. I to savršeno izrađena. Konferencijska stolica „Sola“ refleksija je Wikhahn tradicije kombiniranja inovativne udobnosti s jasnim dizajnom i snažnom privlačnošću. Estetika stolice definirana je linearnim oblikom okvira sjedala i distinktivnošću aluminijskog okvira. Okvir se grana iz središnjeg postolja u nosač u obliku slova V koji kulminira u naslonjačima za [&hellip;]</p>
