{"id":92823,"date":"2021-03-19T13:52:02","date_gmt":"2021-03-19T13:52:02","guid":{"rendered":"https:\/\/cernelic.hr\/katalog\/Bez%20kategorije\/timetable-by-wilkhahn-2\/"},"modified":"2023-12-08T02:36:35","modified_gmt":"2023-12-08T02:36:35","slug":"timetable-by-wilkhahn","status":"publish","type":"product","link":"https:\/\/cernelic.hr\/en\/proizvod\/timetable-by-wilkhahn\/","title":{"rendered":"TIMETABLE by Wilkhahn"},"content":{"rendered":"<p>Prenosiv. \u0160tedljiv s prostorom. Fascinantan.<br \/>\nKombinacija inteligencije i ljepote stvara fascinantna rje\u0161enja koja se brzo isplate. Dizajner Andreas St\u00f6riko kreirao je \u201eTimetable\u201c za Wilkhahn i tako dodao novu dimenziju konceptu konferencijskih prostora visoke kvalitete. U samo jednom jednostavnom koraku, povr\u0161ina stola se mo\u017ee nagnuti, a no\u017eni dio s kota\u010di\u0107ima koji se mogu zaklju\u010dati mo\u017ee se u isto vrijeme potpuno automatski okrenuti prema unutra. Rezultat su stolovi koji se ne samo lako premje\u0161taju iz prostorije u prostoriju, ve\u0107 se tako\u0111er i kompaktno \u201egnijezde\u201c jedni u druge. Njihova intuitivnost rukovanja, visoka kvaliteta i pametna privla\u010dnost idealni su za dinami\u010dne konferencijske prostore i \u0161tede na prostoru kao i na vremenu. Naravno, cijena namje\u0161taja \u010desto je samo manji dio tro\u0161kova menad\u017ementa prostora i postrojenja. Svatko zainteresiran za inteligentna, kvalitetna rje\u0161enja mo\u017ee dugoro\u010dno u\u0161tedjeti mnogo novca. <\/p>\n","protected":false},"excerpt":{"rendered":"<p>Prenosiv. \u0160tedljiv s prostorom. Fascinantan. Kombinacija inteligencije i ljepote stvara fascinantna rje\u0161enja koja se brzo isplate. Dizajner Andreas St\u00f6riko kreirao je \u201eTimetable\u201c za Wilkhahn i tako dodao novu dimenziju konceptu konferencijskih prostora visoke kvalitete. U samo jednom jednostavnom koraku, povr\u0161ina stola se mo\u017ee nagnuti, a no\u017eni dio s kota\u010di\u0107ima koji se mogu zaklju\u010dati mo\u017ee se [&hellip;]<\/p>\n","protected":false},"featured_media":92141,"template":"","meta":{"_acf_changed":false},"product_brand":[],"product_cat":[2514,2234,2105,2085,2061,2131,2068,2207,2149,2208,2183,2151,2150,2137,2148,2246,2180,2073,2118,2132,2133,2163,2092,2170],"product_tag":[],"berocket_brand":[532],"class_list":{"0":"post-92823","1":"product","2":"type-product","3":"status-publish","4":"has-post-thumbnail","6":"product_cat-accessories","7":"product_cat-proizvodi-stolovi-akusticne-i-zastitne-pregrade-za-stolove","8":"product_cat-javni","9":"product_cat-namjestaj-za-urede","10":"product_cat-proizvodi","11":"product_cat-proizvodi-accessories-elektrifikacija-i-cable-management","12":"product_cat-prostori","13":"product_cat-prostori-horeca-accessories","14":"product_cat-prostori-horeca-namjestaj-za-sastanke-i-konferencije","15":"product_cat-prostori-javni-accessories","16":"product_cat-prostori-javni-namjestaj-za-predavaone","17":"product_cat-prostori-javni-namjestaj-za-sastanke-i-konferencije","18":"product_cat-prostori-rezidencijalni-namjestaj-za-kucni-ured","19":"product_cat-prostori-uredi-home-office","20":"product_cat-prostori-uredi-namjestaj-za-sastanke-i-konferencije","21":"product_cat-prostori-uredi-sustavi-za-elektrifikaciju-i-cable-management","22":"product_cat-prostori-uredi-uredski-namjestaj","23":"product_cat-rezidencijalni","24":"product_cat-stolovi","25":"product_cat-proizvodi-stolovi-stolovi-za-kucni-ured","26":"product_cat-proizvodi-stolovi-stolovi-za-sastanke-i-konferencije","27":"product_cat-proizvodi-stolovi-stolovi-za-urede","28":"product_cat-uredi","29":"product_cat-proizvodi-namjestaj-za-urede-namjestaj","30":"berocket_brand-wilkhahn","32":"first","33":"instock","34":"product-type-grouped"},"acf":[],"_links":{"self":[{"href":"https:\/\/cernelic.hr\/en\/wp-json\/wp\/v2\/product\/92823","targetHints":{"allow":["GET"]}}],"collection":[{"href":"https:\/\/cernelic.hr\/en\/wp-json\/wp\/v2\/product"}],"about":[{"href":"https:\/\/cernelic.hr\/en\/wp-json\/wp\/v2\/types\/product"}],"wp:featuredmedia":[{"embeddable":true,"href":"https:\/\/cernelic.hr\/en\/wp-json\/wp\/v2\/media\/92141"}],"wp:attachment":[{"href":"https:\/\/cernelic.hr\/en\/wp-json\/wp\/v2\/media?parent=92823"}],"wp:term":[{"taxonomy":"product_brand","embeddable":true,"href":"https:\/\/cernelic.hr\/en\/wp-json\/wp\/v2\/product_brand?post=92823"},{"taxonomy":"product_cat","embeddable":true,"href":"https:\/\/cernelic.hr\/en\/wp-json\/wp\/v2\/product_cat?post=92823"},{"taxonomy":"product_tag","embeddable":true,"href":"https:\/\/cernelic.hr\/en\/wp-json\/wp\/v2\/product_tag?post=92823"},{"taxonomy":"berocket_brand","embeddable":true,"href":"https:\/\/cernelic.hr\/en\/wp-json\/wp\/v2\/berocket_brand?post=92823"}],"curies":[{"name":"wp","href":"https:\/\/api.w.org\/{rel}","templated":true}]}}

<p>Prenosiv. Štedljiv s prostorom. Fascinantan.<br />
Kombinacija inteligencije i ljepote stvara fascinantna rješenja koja se brzo isplate. Dizajner Andreas Störiko kreirao je „Timetable“ za Wilkhahn i tako dodao novu dimenziju konceptu konferencijskih prostora visoke kvalitete. U samo jednom jednostavnom koraku, površina stola se može nagnuti, a nožni dio s kotačićima koji se mogu zaključati može se u isto vrijeme potpuno automatski okrenuti prema unutra. Rezultat su stolovi koji se ne samo lako premještaju iz prostorije u prostoriju, već se također i kompaktno „gnijezde“ jedni u druge. Njihova intuitivnost rukovanja, visoka kvaliteta i pametna privlačnost idealni su za dinamične konferencijske prostore i štede na prostoru kao i na vremenu. Naravno, cijena namještaja često je samo manji dio troškova menadžmenta prostora i postrojenja. Svatko zainteresiran za inteligentna, kvalitetna rješenja može dugoročno uštedjeti mnogo novca. </p>

<p>Prenosiv. Štedljiv s prostorom. Fascinantan. Kombinacija inteligencije i ljepote stvara fascinantna rješenja koja se brzo isplate. Dizajner Andreas Störiko kreirao je „Timetable“ za Wilkhahn i tako dodao novu dimenziju konceptu konferencijskih prostora visoke kvalitete. U samo jednom jednostavnom koraku, površina stola se može nagnuti, a nožni dio s kotačićima koji se mogu zaključati može se [&hellip;]</p>
