{"id":92826,"date":"2021-03-19T13:55:12","date_gmt":"2021-03-19T13:55:12","guid":{"rendered":"https:\/\/cernelic.hr\/katalog\/Bez%20kategorije\/versa-by-wilkhahn-2\/"},"modified":"2023-12-08T02:36:47","modified_gmt":"2023-12-08T02:36:47","slug":"versa-by-wilkhahn","status":"publish","type":"product","link":"https:\/\/cernelic.hr\/en\/proizvod\/versa-by-wilkhahn\/","title":{"rendered":"VERSA by Wilkhahn"},"content":{"rendered":"<p>Ovaj asortiman modularnih stolova kombinira iskonske oblike i visoku kvalitetu s prilagodljivom svestrano\u0161\u0107u dizajna i kori\u0161tenjem sobe. Otmjeni stylish okvir izgleda besprijekorno i nagla\u0161ava iznimno visokokvalitetan, nebesko laki izgled konfiguracija. Vrh stola i okvir pametno su povezani bajunetnom bravom, tako omogu\u0107avaju\u0107i da stolovi i stolni sustavi budu postavljeni, pro\u0161ireni, smanjeni ili rastavljeni u tren oka \u2013 bez ikakvih alata ili odvojenih dijelova za spajanje. Pravokutni, poluba\u010dvasti, trapezni, polutrapezni, zaobljeni kutovi od 90\u00b0 i kru\u017eni segmenti od 90\u00b0 s razli\u010ditim dubinama stola nude prava rje\u0161enja za svaku veli\u010dinu sobe, broj sudionika i tip konferencije. Kao dodatak, dolaze s povr\u0161inama i bojama kojima se bolje uklapa u prostor u pitanju.<\/p>\n","protected":false},"excerpt":{"rendered":"<p>Ovaj asortiman modularnih stolova kombinira iskonske oblike i visoku kvalitetu s prilagodljivom svestrano\u0161\u0107u dizajna i kori\u0161tenjem sobe. Otmjeni stylish okvir izgleda besprijekorno i nagla\u0161ava iznimno visokokvalitetan, nebesko laki izgled konfiguracija. Vrh stola i okvir pametno su povezani bajunetnom bravom, tako omogu\u0107avaju\u0107i da stolovi i stolni sustavi budu postavljeni, pro\u0161ireni, smanjeni ili rastavljeni u tren oka [&hellip;]<\/p>\n","protected":false},"featured_media":92144,"template":"","meta":{"_acf_changed":false},"product_brand":[],"product_cat":[2514,2234,2105,2085,2061,2131,2068,2207,2149,2208,2183,2151,2150,2137,2148,2246,2180,2073,2118,2132,2133,2163,2092,2170],"product_tag":[],"berocket_brand":[532],"class_list":{"0":"post-92826","1":"product","2":"type-product","3":"status-publish","4":"has-post-thumbnail","6":"product_cat-accessories","7":"product_cat-proizvodi-stolovi-akusticne-i-zastitne-pregrade-za-stolove","8":"product_cat-javni","9":"product_cat-namjestaj-za-urede","10":"product_cat-proizvodi","11":"product_cat-proizvodi-accessories-elektrifikacija-i-cable-management","12":"product_cat-prostori","13":"product_cat-prostori-horeca-accessories","14":"product_cat-prostori-horeca-namjestaj-za-sastanke-i-konferencije","15":"product_cat-prostori-javni-accessories","16":"product_cat-prostori-javni-namjestaj-za-predavaone","17":"product_cat-prostori-javni-namjestaj-za-sastanke-i-konferencije","18":"product_cat-prostori-rezidencijalni-namjestaj-za-kucni-ured","19":"product_cat-prostori-uredi-home-office","20":"product_cat-prostori-uredi-namjestaj-za-sastanke-i-konferencije","21":"product_cat-prostori-uredi-sustavi-za-elektrifikaciju-i-cable-management","22":"product_cat-prostori-uredi-uredski-namjestaj","23":"product_cat-rezidencijalni","24":"product_cat-stolovi","25":"product_cat-proizvodi-stolovi-stolovi-za-kucni-ured","26":"product_cat-proizvodi-stolovi-stolovi-za-sastanke-i-konferencije","27":"product_cat-proizvodi-stolovi-stolovi-za-urede","28":"product_cat-uredi","29":"product_cat-proizvodi-namjestaj-za-urede-namjestaj","30":"berocket_brand-wilkhahn","32":"first","33":"instock","34":"product-type-grouped"},"acf":[],"_links":{"self":[{"href":"https:\/\/cernelic.hr\/en\/wp-json\/wp\/v2\/product\/92826","targetHints":{"allow":["GET"]}}],"collection":[{"href":"https:\/\/cernelic.hr\/en\/wp-json\/wp\/v2\/product"}],"about":[{"href":"https:\/\/cernelic.hr\/en\/wp-json\/wp\/v2\/types\/product"}],"wp:featuredmedia":[{"embeddable":true,"href":"https:\/\/cernelic.hr\/en\/wp-json\/wp\/v2\/media\/92144"}],"wp:attachment":[{"href":"https:\/\/cernelic.hr\/en\/wp-json\/wp\/v2\/media?parent=92826"}],"wp:term":[{"taxonomy":"product_brand","embeddable":true,"href":"https:\/\/cernelic.hr\/en\/wp-json\/wp\/v2\/product_brand?post=92826"},{"taxonomy":"product_cat","embeddable":true,"href":"https:\/\/cernelic.hr\/en\/wp-json\/wp\/v2\/product_cat?post=92826"},{"taxonomy":"product_tag","embeddable":true,"href":"https:\/\/cernelic.hr\/en\/wp-json\/wp\/v2\/product_tag?post=92826"},{"taxonomy":"berocket_brand","embeddable":true,"href":"https:\/\/cernelic.hr\/en\/wp-json\/wp\/v2\/berocket_brand?post=92826"}],"curies":[{"name":"wp","href":"https:\/\/api.w.org\/{rel}","templated":true}]}}

<p>Ovaj asortiman modularnih stolova kombinira iskonske oblike i visoku kvalitetu s prilagodljivom svestranošću dizajna i korištenjem sobe. Otmjeni stylish okvir izgleda besprijekorno i naglašava iznimno visokokvalitetan, nebesko laki izgled konfiguracija. Vrh stola i okvir pametno su povezani bajunetnom bravom, tako omogućavajući da stolovi i stolni sustavi budu postavljeni, prošireni, smanjeni ili rastavljeni u tren oka – bez ikakvih alata ili odvojenih dijelova za spajanje. Pravokutni, polubačvasti, trapezni, polutrapezni, zaobljeni kutovi od 90° i kružni segmenti od 90° s različitim dubinama stola nude prava rješenja za svaku veličinu sobe, broj sudionika i tip konferencije. Kao dodatak, dolaze s površinama i bojama kojima se bolje uklapa u prostor u pitanju.</p>

<p>Ovaj asortiman modularnih stolova kombinira iskonske oblike i visoku kvalitetu s prilagodljivom svestranošću dizajna i korištenjem sobe. Otmjeni stylish okvir izgleda besprijekorno i naglašava iznimno visokokvalitetan, nebesko laki izgled konfiguracija. Vrh stola i okvir pametno su povezani bajunetnom bravom, tako omogućavajući da stolovi i stolni sustavi budu postavljeni, prošireni, smanjeni ili rastavljeni u tren oka [&hellip;]</p>
