{"id":92894,"date":"2021-03-19T14:04:56","date_gmt":"2021-03-19T14:04:56","guid":{"rendered":"https:\/\/cernelic.hr\/katalog\/Bez%20kategorije\/bura-by-cernelic\/"},"modified":"2023-12-08T02:30:54","modified_gmt":"2023-12-08T02:30:54","slug":"bura-by-cernelic","status":"publish","type":"product","link":"https:\/\/cernelic.hr\/en\/proizvod\/bura-by-cernelic\/","title":{"rendered":"BURA by \u010cerneli\u0107"},"content":{"rendered":"<p>Slo\u017eive stolice koje Imaju minimalan oblik, ali luksuzan izgled.<br \/>\nPrirodno, toplo, suvremeno. Organska meko\u0107a polipropilenske \u0161koljke od staklenih vlakana u mat bojama nudi novi na\u010din izgleda i osje\u0107aja. Dizajnirana imaju\u0107i na umu opremanje javnih objekata no pogodna je za i ku\u0107nu upotrebu.<\/p>\n","protected":false},"excerpt":{"rendered":"<p>Slo\u017eive stolice koje Imaju minimalan oblik, ali luksuzan izgled. Prirodno, toplo, suvremeno. Organska meko\u0107a polipropilenske \u0161koljke od staklenih vlakana u mat bojama nudi novi na\u010din izgleda i osje\u0107aja. Dizajnirana imaju\u0107i na umu opremanje javnih objekata no pogodna je za i ku\u0107nu upotrebu.<\/p>\n","protected":false},"featured_media":92021,"template":"","meta":{"_acf_changed":false},"product_brand":[],"product_cat":[2114,2154,2099,2105,2513,2061,2098,2068,2115,2155,2100,2070,2126,2157,2109,2125,2158,2080,2116,2156,2104,2075,2073,2087,2088,2091,2124],"product_tag":[],"berocket_brand":[521],"class_list":{"0":"post-92894","1":"product","2":"type-product","3":"status-publish","4":"has-post-thumbnail","6":"product_cat-proizvodi-stolice-barske-stolice-za-unutarnje-prostore","7":"product_cat-proizvodi-stolice-barske-stolice-za-vanjske-prostore","8":"product_cat-horeca-prostori-horeca","9":"product_cat-javni","10":"product_cat-outdoor","11":"product_cat-proizvodi","12":"product_cat-prostori-horeca","13":"product_cat-prostori","14":"product_cat-prostori-horeca-barske-stolice-za-unutarnje-prostore","15":"product_cat-prostori-horeca-barske-stolice-za-vanjske-prostore","16":"product_cat-prostori-horeca-stolice-za-unutarnje-prostore","17":"product_cat-prostori-horeca-stolice-za-vanjske-prostore","18":"product_cat-prostori-javni-barske-stolice-za-unutarnje-prostore","19":"product_cat-prostori-javni-barske-stolice-za-vanjske-prostore","20":"product_cat-prostori-javni-stolice-za-unutarnje-prostore","21":"product_cat-prostori-javni-stolice-za-vanjske-prostore","22":"product_cat-prostori-outdoor-barske-stolice-za-vanjske-prostore","23":"product_cat-prostori-outdoor-stolice-za-vanjske-prostore","24":"product_cat-prostori-rezidencijalni-barske-stolice-za-unutarnje-prostore","25":"product_cat-prostori-rezidencijalni-barske-stolice-za-vanjske-prostore","26":"product_cat-prostori-rezidencijalni-stolice-za-unutarnje-prostore","27":"product_cat-prostori-rezidencijalni-stolice-za-vanjske-prostore","28":"product_cat-rezidencijalni","29":"product_cat-stolice","30":"product_cat-proizvodi-stolice-stolice-za-cekaonice","31":"product_cat-proizvodi-stolice-stolice-za-unutarnje-prostore","32":"product_cat-proizvodi-stolice-stolice-za-vanjske-prostore","33":"berocket_brand-cernelic","35":"first","36":"instock","37":"product-type-grouped"},"acf":[],"_links":{"self":[{"href":"https:\/\/cernelic.hr\/en\/wp-json\/wp\/v2\/product\/92894","targetHints":{"allow":["GET"]}}],"collection":[{"href":"https:\/\/cernelic.hr\/en\/wp-json\/wp\/v2\/product"}],"about":[{"href":"https:\/\/cernelic.hr\/en\/wp-json\/wp\/v2\/types\/product"}],"wp:featuredmedia":[{"embeddable":true,"href":"https:\/\/cernelic.hr\/en\/wp-json\/wp\/v2\/media\/92021"}],"wp:attachment":[{"href":"https:\/\/cernelic.hr\/en\/wp-json\/wp\/v2\/media?parent=92894"}],"wp:term":[{"taxonomy":"product_brand","embeddable":true,"href":"https:\/\/cernelic.hr\/en\/wp-json\/wp\/v2\/product_brand?post=92894"},{"taxonomy":"product_cat","embeddable":true,"href":"https:\/\/cernelic.hr\/en\/wp-json\/wp\/v2\/product_cat?post=92894"},{"taxonomy":"product_tag","embeddable":true,"href":"https:\/\/cernelic.hr\/en\/wp-json\/wp\/v2\/product_tag?post=92894"},{"taxonomy":"berocket_brand","embeddable":true,"href":"https:\/\/cernelic.hr\/en\/wp-json\/wp\/v2\/berocket_brand?post=92894"}],"curies":[{"name":"wp","href":"https:\/\/api.w.org\/{rel}","templated":true}]}}

BURA by Černelić

<p>Složive stolice koje Imaju minimalan oblik, ali luksuzan izgled.<br />
Prirodno, toplo, suvremeno. Organska mekoća polipropilenske školjke od staklenih vlakana u mat bojama nudi novi način izgleda i osjećaja. Dizajnirana imajući na umu opremanje javnih objekata no pogodna je za i kućnu upotrebu.</p>

<p>Složive stolice koje Imaju minimalan oblik, ali luksuzan izgled. Prirodno, toplo, suvremeno. Organska mekoća polipropilenske školjke od staklenih vlakana u mat bojama nudi novi način izgleda i osjećaja. Dizajnirana imajući na umu opremanje javnih objekata no pogodna je za i kućnu upotrebu.</p>
