{"id":92900,"date":"2021-03-19T14:04:56","date_gmt":"2021-03-19T14:04:56","guid":{"rendered":"https:\/\/cernelic.hr\/katalog\/Bez%20kategorije\/capa-by-gandiablasco\/"},"modified":"2023-12-08T06:16:20","modified_gmt":"2023-12-08T06:16:20","slug":"capa-by-gandiablasco","status":"publish","type":"product","link":"https:\/\/cernelic.hr\/en\/proizvod\/capa-by-gandiablasco\/","title":{"rendered":"CAPA by Gandia Blasco"},"content":{"rendered":"<p>Odr\u017eivost je uvijek bila u sr\u017ei S\u00f8ren Rose Studija. Kada smo dizajnirali \u201eCapu\u201c, nastojali smo stvoriti originalnu kolekciju koja \u0107e, prije svega, zahvaljuju\u0107i svojoj kvaliteti i dizajnu trajati dugi niz godina. Pun krug u odr\u017eivosti nastaje kada proizvo\u0111a\u010d i dizajner interijera dijele isti cilj, kao \u0161to je bio slu\u010daj ove suradnje s GANDIABLASCO.<\/p>\n","protected":false},"excerpt":{"rendered":"<p>Odr\u017eivost je uvijek bila u sr\u017ei S\u00f8ren Rose Studija. Kada smo dizajnirali \u201eCapu\u201c, nastojali smo stvoriti originalnu kolekciju koja \u0107e, prije svega, zahvaljuju\u0107i svojoj kvaliteti i dizajnu trajati dugi niz godina. Pun krug u odr\u017eivosti nastaje kada proizvo\u0111a\u010d i dizajner interijera dijele isti cilj, kao \u0161to je bio slu\u010daj ove suradnje s GANDIABLASCO.<\/p>\n","protected":false},"featured_media":113729,"template":"","meta":{"_acf_changed":false},"product_brand":[],"product_cat":[2111,2062,2105,2142,2513,2061,2066,2068,2112,2071,2144,2141,2147,2079,2186,2074,2146,2073,2118],"product_tag":[],"berocket_brand":[527],"class_list":{"0":"post-92900","1":"product","2":"type-product","3":"status-publish","4":"has-post-thumbnail","6":"product_cat-dvorane","7":"product_cat-fotelje-i-garniture-za-sjedenje","8":"product_cat-javni","9":"product_cat-proizvodi-stolovi-niski-stolovi-vanjske-prostore","10":"product_cat-outdoor","11":"product_cat-proizvodi","12":"product_cat-proizvodi-fotelje-garniture-fotelje-i-garniture-za-vanjske-prostore","13":"product_cat-prostori","14":"product_cat-prostori-dvorane-fotelje-i-garniture-za-vanjske-prostore","15":"product_cat-prostori-horeca-fotelje-i-garniture-za-vanjske-prostore","16":"product_cat-prostori-horeca-stolovi-za-vanjske-prostore","17":"product_cat-prostori-javni-fotelje-i-garniture-za-vanjske-prostore","18":"product_cat-prostori-javni-stolovi-za-vanjske-prostore","19":"product_cat-prostori-outdoor-fotelje-i-garniture-za-vanjske-prostore","20":"product_cat-prostori-outdoor-stolovi","21":"product_cat-prostori-rezidencijalni-fotelje-i-garniture-za-vanjske-prostore","22":"product_cat-prostori-rezidencijalni-niski-klubski-stolici-za-vanjske-prostore","23":"product_cat-rezidencijalni","24":"product_cat-stolovi","25":"berocket_brand-gandia-blasco","27":"first","28":"instock","29":"product-type-grouped"},"acf":[],"_links":{"self":[{"href":"https:\/\/cernelic.hr\/en\/wp-json\/wp\/v2\/product\/92900","targetHints":{"allow":["GET"]}}],"collection":[{"href":"https:\/\/cernelic.hr\/en\/wp-json\/wp\/v2\/product"}],"about":[{"href":"https:\/\/cernelic.hr\/en\/wp-json\/wp\/v2\/types\/product"}],"wp:featuredmedia":[{"embeddable":true,"href":"https:\/\/cernelic.hr\/en\/wp-json\/wp\/v2\/media\/113729"}],"wp:attachment":[{"href":"https:\/\/cernelic.hr\/en\/wp-json\/wp\/v2\/media?parent=92900"}],"wp:term":[{"taxonomy":"product_brand","embeddable":true,"href":"https:\/\/cernelic.hr\/en\/wp-json\/wp\/v2\/product_brand?post=92900"},{"taxonomy":"product_cat","embeddable":true,"href":"https:\/\/cernelic.hr\/en\/wp-json\/wp\/v2\/product_cat?post=92900"},{"taxonomy":"product_tag","embeddable":true,"href":"https:\/\/cernelic.hr\/en\/wp-json\/wp\/v2\/product_tag?post=92900"},{"taxonomy":"berocket_brand","embeddable":true,"href":"https:\/\/cernelic.hr\/en\/wp-json\/wp\/v2\/berocket_brand?post=92900"}],"curies":[{"name":"wp","href":"https:\/\/api.w.org\/{rel}","templated":true}]}}

<p>Održivost je uvijek bila u srži Søren Rose Studija. Kada smo dizajnirali „Capu“, nastojali smo stvoriti originalnu kolekciju koja će, prije svega, zahvaljujući svojoj kvaliteti i dizajnu trajati dugi niz godina. Pun krug u održivosti nastaje kada proizvođač i dizajner interijera dijele isti cilj, kao što je bio slučaj ove suradnje s GANDIABLASCO.</p>
