{"id":92901,"date":"2021-03-19T14:04:56","date_gmt":"2021-03-19T14:04:56","guid":{"rendered":"https:\/\/cernelic.hr\/katalog\/Bez%20kategorije\/buit-by-gandiablasco\/"},"modified":"2023-12-08T06:16:18","modified_gmt":"2023-12-08T06:16:18","slug":"buit-by-gandiablasco","status":"publish","type":"product","link":"https:\/\/cernelic.hr\/en\/proizvod\/buit-by-gandiablasco\/","title":{"rendered":"BUIT by Gandia Blasco"},"content":{"rendered":"<p>\u201eBUIT\u201c kolekcija vanjskog namje\u0161taja odgovara su\u0161tini i DNK-a GANDIABLASCO-a: aluminij i tekstil koji su prisutni od njegovog nastanka 1941. To je ultralagana aluminijska \u017ei\u010dana mre\u017ea koja mo\u017ee biti tepih ili, deformiraju\u0107i se, kau\u010d, le\u017ealjka, stol&#8230; ideja od po\u010detka bila je da \u0107e se ta mre\u017ea ispreplitati s tekstilom, stvaraju\u0107i kontrast izme\u0111u materijala: izme\u0111u hladno\u0107e aluminija i topline tekstila stvaraju\u0107i namje\u0161taj za terasu s iznimnim karakterom.<\/p>\n","protected":false},"excerpt":{"rendered":"<p>\u201eBUIT\u201c kolekcija vanjskog namje\u0161taja odgovara su\u0161tini i DNK-a GANDIABLASCO-a: aluminij i tekstil koji su prisutni od njegovog nastanka 1941. To je ultralagana aluminijska \u017ei\u010dana mre\u017ea koja mo\u017ee biti tepih ili, deformiraju\u0107i se, kau\u010d, le\u017ealjka, stol&#8230; ideja od po\u010detka bila je da \u0107e se ta mre\u017ea ispreplitati s tekstilom, stvaraju\u0107i kontrast izme\u0111u materijala: izme\u0111u hladno\u0107e aluminija [&hellip;]<\/p>\n","protected":false},"featured_media":113728,"template":"","meta":{"_acf_changed":false},"product_brand":[],"product_cat":[2111,2062,2105,2142,2513,2061,2066,2068,2112,2071,2144,2141,2147,2079,2186,2074,2146,2073,2118],"product_tag":[],"berocket_brand":[527],"class_list":{"0":"post-92901","1":"product","2":"type-product","3":"status-publish","4":"has-post-thumbnail","6":"product_cat-dvorane","7":"product_cat-fotelje-i-garniture-za-sjedenje","8":"product_cat-javni","9":"product_cat-proizvodi-stolovi-niski-stolovi-vanjske-prostore","10":"product_cat-outdoor","11":"product_cat-proizvodi","12":"product_cat-proizvodi-fotelje-garniture-fotelje-i-garniture-za-vanjske-prostore","13":"product_cat-prostori","14":"product_cat-prostori-dvorane-fotelje-i-garniture-za-vanjske-prostore","15":"product_cat-prostori-horeca-fotelje-i-garniture-za-vanjske-prostore","16":"product_cat-prostori-horeca-stolovi-za-vanjske-prostore","17":"product_cat-prostori-javni-fotelje-i-garniture-za-vanjske-prostore","18":"product_cat-prostori-javni-stolovi-za-vanjske-prostore","19":"product_cat-prostori-outdoor-fotelje-i-garniture-za-vanjske-prostore","20":"product_cat-prostori-outdoor-stolovi","21":"product_cat-prostori-rezidencijalni-fotelje-i-garniture-za-vanjske-prostore","22":"product_cat-prostori-rezidencijalni-niski-klubski-stolici-za-vanjske-prostore","23":"product_cat-rezidencijalni","24":"product_cat-stolovi","25":"berocket_brand-gandia-blasco","27":"first","28":"instock","29":"product-type-grouped"},"acf":[],"_links":{"self":[{"href":"https:\/\/cernelic.hr\/en\/wp-json\/wp\/v2\/product\/92901","targetHints":{"allow":["GET"]}}],"collection":[{"href":"https:\/\/cernelic.hr\/en\/wp-json\/wp\/v2\/product"}],"about":[{"href":"https:\/\/cernelic.hr\/en\/wp-json\/wp\/v2\/types\/product"}],"wp:featuredmedia":[{"embeddable":true,"href":"https:\/\/cernelic.hr\/en\/wp-json\/wp\/v2\/media\/113728"}],"wp:attachment":[{"href":"https:\/\/cernelic.hr\/en\/wp-json\/wp\/v2\/media?parent=92901"}],"wp:term":[{"taxonomy":"product_brand","embeddable":true,"href":"https:\/\/cernelic.hr\/en\/wp-json\/wp\/v2\/product_brand?post=92901"},{"taxonomy":"product_cat","embeddable":true,"href":"https:\/\/cernelic.hr\/en\/wp-json\/wp\/v2\/product_cat?post=92901"},{"taxonomy":"product_tag","embeddable":true,"href":"https:\/\/cernelic.hr\/en\/wp-json\/wp\/v2\/product_tag?post=92901"},{"taxonomy":"berocket_brand","embeddable":true,"href":"https:\/\/cernelic.hr\/en\/wp-json\/wp\/v2\/berocket_brand?post=92901"}],"curies":[{"name":"wp","href":"https:\/\/api.w.org\/{rel}","templated":true}]}}

<p>„BUIT“ kolekcija vanjskog namještaja odgovara suštini i DNK-a GANDIABLASCO-a: aluminij i tekstil koji su prisutni od njegovog nastanka 1941. To je ultralagana aluminijska žičana mreža koja može biti tepih ili, deformirajući se, kauč, ležaljka, stol&#8230; ideja od početka bila je da će se ta mreža ispreplitati s tekstilom, stvarajući kontrast između materijala: između hladnoće aluminija i topline tekstila stvarajući namještaj za terasu s iznimnim karakterom.</p>

<p>„BUIT“ kolekcija vanjskog namještaja odgovara suštini i DNK-a GANDIABLASCO-a: aluminij i tekstil koji su prisutni od njegovog nastanka 1941. To je ultralagana aluminijska žičana mreža koja može biti tepih ili, deformirajući se, kauč, ležaljka, stol&#8230; ideja od početka bila je da će se ta mreža ispreplitati s tekstilom, stvarajući kontrast između materijala: između hladnoće aluminija [&hellip;]</p>
