{"id":92905,"date":"2021-03-19T14:08:28","date_gmt":"2021-03-19T14:08:28","guid":{"rendered":"https:\/\/cernelic.hr\/katalog\/Bez%20kategorije\/arp-by-gandiablasco\/"},"modified":"2023-12-08T06:16:11","modified_gmt":"2023-12-08T06:16:11","slug":"arp-by-gandiablasco","status":"publish","type":"product","link":"https:\/\/cernelic.hr\/en\/proizvod\/arp-by-gandiablasco\/","title":{"rendered":"ARP by Gandia Blasco"},"content":{"rendered":"<p>Gandiablasco\/Diabla kolekcija \u201eArp\u201c svojim laganim dizajnom, a istovremenom mekano\u0161\u0107u i udobno\u0161\u0107u, poziva na prepu\u0161tanje slatkim zagrljajima njenih tekstilnih elemenata. S druge strane, izbor odva\u017enih i jedinstvenih boja omogu\u0107uje stvaranje okru\u017eenja u kojem je zarazna i vesela proljetna energija prisutna tokom cijele godine. Namje\u0161taj po mjeri koji podsje\u0107a na najugodnije trenutke \u017eivota.<\/p>\n","protected":false},"excerpt":{"rendered":"<p>Gandiablasco\/Diabla kolekcija \u201eArp\u201c svojim laganim dizajnom, a istovremenom mekano\u0161\u0107u i udobno\u0161\u0107u, poziva na prepu\u0161tanje slatkim zagrljajima njenih tekstilnih elemenata. S druge strane, izbor odva\u017enih i jedinstvenih boja omogu\u0107uje stvaranje okru\u017eenja u kojem je zarazna i vesela proljetna energija prisutna tokom cijele godine. Namje\u0161taj po mjeri koji podsje\u0107a na najugodnije trenutke \u017eivota.<\/p>\n","protected":false},"featured_media":113726,"template":"","meta":{"_acf_changed":false},"product_brand":[],"product_cat":[2111,2062,2105,2142,2513,2061,2066,2068,2112,2071,2144,2141,2147,2079,2186,2074,2146,2073,2118],"product_tag":[],"berocket_brand":[1112],"class_list":{"0":"post-92905","1":"product","2":"type-product","3":"status-publish","4":"has-post-thumbnail","6":"product_cat-dvorane","7":"product_cat-fotelje-i-garniture-za-sjedenje","8":"product_cat-javni","9":"product_cat-proizvodi-stolovi-niski-stolovi-vanjske-prostore","10":"product_cat-outdoor","11":"product_cat-proizvodi","12":"product_cat-proizvodi-fotelje-garniture-fotelje-i-garniture-za-vanjske-prostore","13":"product_cat-prostori","14":"product_cat-prostori-dvorane-fotelje-i-garniture-za-vanjske-prostore","15":"product_cat-prostori-horeca-fotelje-i-garniture-za-vanjske-prostore","16":"product_cat-prostori-horeca-stolovi-za-vanjske-prostore","17":"product_cat-prostori-javni-fotelje-i-garniture-za-vanjske-prostore","18":"product_cat-prostori-javni-stolovi-za-vanjske-prostore","19":"product_cat-prostori-outdoor-fotelje-i-garniture-za-vanjske-prostore","20":"product_cat-prostori-outdoor-stolovi","21":"product_cat-prostori-rezidencijalni-fotelje-i-garniture-za-vanjske-prostore","22":"product_cat-prostori-rezidencijalni-niski-klubski-stolici-za-vanjske-prostore","23":"product_cat-rezidencijalni","24":"product_cat-stolovi","25":"berocket_brand-diabla-by-gandia-blasco","27":"first","28":"instock","29":"product-type-grouped"},"acf":[],"_links":{"self":[{"href":"https:\/\/cernelic.hr\/en\/wp-json\/wp\/v2\/product\/92905","targetHints":{"allow":["GET"]}}],"collection":[{"href":"https:\/\/cernelic.hr\/en\/wp-json\/wp\/v2\/product"}],"about":[{"href":"https:\/\/cernelic.hr\/en\/wp-json\/wp\/v2\/types\/product"}],"wp:featuredmedia":[{"embeddable":true,"href":"https:\/\/cernelic.hr\/en\/wp-json\/wp\/v2\/media\/113726"}],"wp:attachment":[{"href":"https:\/\/cernelic.hr\/en\/wp-json\/wp\/v2\/media?parent=92905"}],"wp:term":[{"taxonomy":"product_brand","embeddable":true,"href":"https:\/\/cernelic.hr\/en\/wp-json\/wp\/v2\/product_brand?post=92905"},{"taxonomy":"product_cat","embeddable":true,"href":"https:\/\/cernelic.hr\/en\/wp-json\/wp\/v2\/product_cat?post=92905"},{"taxonomy":"product_tag","embeddable":true,"href":"https:\/\/cernelic.hr\/en\/wp-json\/wp\/v2\/product_tag?post=92905"},{"taxonomy":"berocket_brand","embeddable":true,"href":"https:\/\/cernelic.hr\/en\/wp-json\/wp\/v2\/berocket_brand?post=92905"}],"curies":[{"name":"wp","href":"https:\/\/api.w.org\/{rel}","templated":true}]}}

<p>Gandiablasco/Diabla kolekcija „Arp“ svojim laganim dizajnom, a istovremenom mekanošću i udobnošću, poziva na prepuštanje slatkim zagrljajima njenih tekstilnih elemenata. S druge strane, izbor odvažnih i jedinstvenih boja omogućuje stvaranje okruženja u kojem je zarazna i vesela proljetna energija prisutna tokom cijele godine. Namještaj po mjeri koji podsjeća na najugodnije trenutke života.</p>
