{"id":92908,"date":"2021-03-19T14:08:28","date_gmt":"2021-03-19T14:08:28","guid":{"rendered":"https:\/\/cernelic.hr\/katalog\/Bez%20kategorije\/giro-soft-by-andreu-world\/"},"modified":"2023-12-08T06:12:12","modified_gmt":"2023-12-08T06:12:12","slug":"giro-soft-by-andreu-world","status":"publish","type":"product","link":"https:\/\/cernelic.hr\/en\/proizvod\/giro-soft-by-andreu-world\/","title":{"rendered":"GIRO SOFT by Andreu World"},"content":{"rendered":"<p>\u201eGiro Soft\u201c novi je sustav modularnog trosjeda, koji omogu\u0107ava najefikasnije kori\u0161tenje prostora, omogu\u0107avaju\u0107i organski, udoban i umiruju\u0107i karakter, podr\u017ean arhitektonskom bazom s \u010dvrstim postoljem od jasenovog drva ili okvirom od ubrizganog aluminija.<\/p>\n","protected":false},"excerpt":{"rendered":"<p>\u201eGiro Soft\u201c novi je sustav modularnog trosjeda, koji omogu\u0107ava najefikasnije kori\u0161tenje prostora, omogu\u0107avaju\u0107i organski, udoban i umiruju\u0107i karakter, podr\u017ean arhitektonskom bazom s \u010dvrstim postoljem od jasenovog drva ili okvirom od ubrizganog aluminija.<\/p>\n","protected":false},"featured_media":113644,"template":"","meta":{"_acf_changed":false},"product_brand":[],"product_cat":[2111,2062,2105,2085,2061,2083,2082,2086,2068,2117,2101,2108,2103,2094,2073,2092],"product_tag":[],"berocket_brand":[518],"class_list":{"0":"post-92908","1":"product","2":"type-product","3":"status-publish","4":"has-post-thumbnail","6":"product_cat-dvorane","7":"product_cat-fotelje-i-garniture-za-sjedenje","8":"product_cat-javni","9":"product_cat-namjestaj-za-urede","10":"product_cat-proizvodi","11":"product_cat-proizvodi-fotelje-garniture-fotelje-i-garniture-za-cekaone-i-predprostore","12":"product_cat-proizvodi-fotelje-garniture-fotelje-i-garniture-unutarnje-prostore","13":"product_cat-proizvodi-namjestaj-za-urede-fotelje-garniture-za-neformalne-sastanke","14":"product_cat-prostori","15":"product_cat-prostori-dvorane-fotelje-i-garniture-za-unutarnje-prostore","16":"product_cat-prostori-horeca-fotelje-i-garniture-za-unutarnje-prostore","17":"product_cat-prostori-javni-fotelje-i-garniture-za-unutarnje-prostore","18":"product_cat-prostori-rezidencijalni-fotelje-i-garniture-za-unutarnje-prostore","19":"product_cat-prostori-uredi-fotelje-i-garniture-za-sjedenje","20":"product_cat-rezidencijalni","21":"product_cat-uredi","22":"berocket_brand-andreu-world","24":"first","25":"instock","26":"product-type-grouped"},"acf":[],"_links":{"self":[{"href":"https:\/\/cernelic.hr\/en\/wp-json\/wp\/v2\/product\/92908","targetHints":{"allow":["GET"]}}],"collection":[{"href":"https:\/\/cernelic.hr\/en\/wp-json\/wp\/v2\/product"}],"about":[{"href":"https:\/\/cernelic.hr\/en\/wp-json\/wp\/v2\/types\/product"}],"wp:featuredmedia":[{"embeddable":true,"href":"https:\/\/cernelic.hr\/en\/wp-json\/wp\/v2\/media\/113644"}],"wp:attachment":[{"href":"https:\/\/cernelic.hr\/en\/wp-json\/wp\/v2\/media?parent=92908"}],"wp:term":[{"taxonomy":"product_brand","embeddable":true,"href":"https:\/\/cernelic.hr\/en\/wp-json\/wp\/v2\/product_brand?post=92908"},{"taxonomy":"product_cat","embeddable":true,"href":"https:\/\/cernelic.hr\/en\/wp-json\/wp\/v2\/product_cat?post=92908"},{"taxonomy":"product_tag","embeddable":true,"href":"https:\/\/cernelic.hr\/en\/wp-json\/wp\/v2\/product_tag?post=92908"},{"taxonomy":"berocket_brand","embeddable":true,"href":"https:\/\/cernelic.hr\/en\/wp-json\/wp\/v2\/berocket_brand?post=92908"}],"curies":[{"name":"wp","href":"https:\/\/api.w.org\/{rel}","templated":true}]}}

<p>„Giro Soft“ novi je sustav modularnog trosjeda, koji omogućava najefikasnije korištenje prostora, omogućavajući organski, udoban i umirujući karakter, podržan arhitektonskom bazom s čvrstim postoljem od jasenovog drva ili okvirom od ubrizganog aluminija.</p>
