{"id":92913,"date":"2021-03-19T14:08:28","date_gmt":"2021-03-19T14:08:28","guid":{"rendered":"https:\/\/cernelic.hr\/katalog\/Bez%20kategorije\/connect-training-table-by-andreu-world\/"},"modified":"2023-12-08T06:12:09","modified_gmt":"2023-12-08T06:12:09","slug":"connect-training-table-by-andreu-world","status":"publish","type":"product","link":"https:\/\/cernelic.hr\/en\/proizvod\/connect-training-table-by-andreu-world\/","title":{"rendered":"CONNECT TRAINING TABLE by Andreu World"},"content":{"rendered":"<p>Program stolova s aluminijskim okvirom i kvadratnim plo\u010dom dostupan u hrastovini, TP laminatu i TP ultramat laminatu razli\u010ditih veli\u010dina. Dostupan je u dvije razli\u010dite strukture, u obliku slova C ili T, bijel, crn ili s fini\u0161om od poliranog aluminija. Dostupna je i verzija s pomi\u010dnom plo\u010dom. Dostupne opcije: zakrivljeni i nako\u0161eni kutni element za povezivanje stolova, sklopiva prednja plo\u010da, sustav spajanja i kota\u010di\u0107i s ko\u010dnim sustavom. Dostupno je i nekoliko kutija za kontrolu \u017eica, kao i opcije za spajanje.<\/p>\n","protected":false},"excerpt":{"rendered":"<p>Program stolova s aluminijskim okvirom i kvadratnim plo\u010dom dostupan u hrastovini, TP laminatu i TP ultramat laminatu razli\u010ditih veli\u010dina. Dostupan je u dvije razli\u010dite strukture, u obliku slova C ili T, bijel, crn ili s fini\u0161om od poliranog aluminija. Dostupna je i verzija s pomi\u010dnom plo\u010dom. Dostupne opcije: zakrivljeni i nako\u0161eni kutni element za povezivanje [&hellip;]<\/p>\n","protected":false},"featured_media":113643,"template":"","meta":{"_acf_changed":false},"product_brand":[],"product_cat":[2105,2085,2061,2068,2138,2140,2150,2139,2180,2073,2118,2132,2135,2163,2092,2170],"product_tag":[],"berocket_brand":[518],"class_list":{"0":"post-92913","1":"product","2":"type-product","3":"status-publish","4":"has-post-thumbnail","6":"product_cat-javni","7":"product_cat-namjestaj-za-urede","8":"product_cat-proizvodi","9":"product_cat-prostori","10":"product_cat-prostori-horeca-stolovi-za-unutarnje-prostore","11":"product_cat-prostori-javni-stolovi-za-unutarnje-prostore","12":"product_cat-prostori-rezidencijalni-namjestaj-za-kucni-ured","13":"product_cat-prostori-rezidencijalni-stolovi-za-unutarnje-prostore","14":"product_cat-prostori-uredi-uredski-namjestaj","15":"product_cat-rezidencijalni","16":"product_cat-stolovi","17":"product_cat-proizvodi-stolovi-stolovi-za-kucni-ured","18":"product_cat-proizvodi-stolovi-stolovi-za-unutarnje-prostore","19":"product_cat-proizvodi-stolovi-stolovi-za-urede","20":"product_cat-uredi","21":"product_cat-proizvodi-namjestaj-za-urede-namjestaj","22":"berocket_brand-andreu-world","24":"first","25":"instock","26":"product-type-grouped"},"acf":[],"_links":{"self":[{"href":"https:\/\/cernelic.hr\/en\/wp-json\/wp\/v2\/product\/92913","targetHints":{"allow":["GET"]}}],"collection":[{"href":"https:\/\/cernelic.hr\/en\/wp-json\/wp\/v2\/product"}],"about":[{"href":"https:\/\/cernelic.hr\/en\/wp-json\/wp\/v2\/types\/product"}],"wp:featuredmedia":[{"embeddable":true,"href":"https:\/\/cernelic.hr\/en\/wp-json\/wp\/v2\/media\/113643"}],"wp:attachment":[{"href":"https:\/\/cernelic.hr\/en\/wp-json\/wp\/v2\/media?parent=92913"}],"wp:term":[{"taxonomy":"product_brand","embeddable":true,"href":"https:\/\/cernelic.hr\/en\/wp-json\/wp\/v2\/product_brand?post=92913"},{"taxonomy":"product_cat","embeddable":true,"href":"https:\/\/cernelic.hr\/en\/wp-json\/wp\/v2\/product_cat?post=92913"},{"taxonomy":"product_tag","embeddable":true,"href":"https:\/\/cernelic.hr\/en\/wp-json\/wp\/v2\/product_tag?post=92913"},{"taxonomy":"berocket_brand","embeddable":true,"href":"https:\/\/cernelic.hr\/en\/wp-json\/wp\/v2\/berocket_brand?post=92913"}],"curies":[{"name":"wp","href":"https:\/\/api.w.org\/{rel}","templated":true}]}}

<p>Program stolova s aluminijskim okvirom i kvadratnim pločom dostupan u hrastovini, TP laminatu i TP ultramat laminatu različitih veličina. Dostupan je u dvije različite strukture, u obliku slova C ili T, bijel, crn ili s finišom od poliranog aluminija. Dostupna je i verzija s pomičnom pločom. Dostupne opcije: zakrivljeni i nakošeni kutni element za povezivanje stolova, sklopiva prednja ploča, sustav spajanja i kotačići s kočnim sustavom. Dostupno je i nekoliko kutija za kontrolu žica, kao i opcije za spajanje.</p>

<p>Program stolova s aluminijskim okvirom i kvadratnim pločom dostupan u hrastovini, TP laminatu i TP ultramat laminatu različitih veličina. Dostupan je u dvije različite strukture, u obliku slova C ili T, bijel, crn ili s finišom od poliranog aluminija. Dostupna je i verzija s pomičnom pločom. Dostupne opcije: zakrivljeni i nakošeni kutni element za povezivanje [&hellip;]</p>
